Last updated on 2024-05-13 03:49:45 CEST.
Flavor | Version | Tinstall | Tcheck | Ttotal | Status | Flags |
---|---|---|---|---|---|---|
r-devel-linux-x86_64-debian-clang | 0.1.3 | 2.60 | 56.30 | 58.90 | NOTE | |
r-devel-linux-x86_64-debian-gcc | 0.1.3 | 2.05 | 41.92 | 43.97 | NOTE | |
r-devel-linux-x86_64-fedora-clang | 0.1.3 | 74.16 | NOTE | |||
r-devel-linux-x86_64-fedora-gcc | 0.1.3 | 92.66 | NOTE | |||
r-devel-windows-x86_64 | 0.1.3 | 3.00 | 58.00 | 61.00 | NOTE | |
r-patched-linux-x86_64 | 0.1.3 | 3.19 | 52.94 | 56.13 | NOTE | |
r-release-linux-x86_64 | 0.1.3 | 2.71 | 52.51 | 55.22 | NOTE | |
r-release-macos-arm64 | 0.1.3 | 27.00 | NOTE | |||
r-release-windows-x86_64 | 0.1.3 | 3.00 | 59.00 | 62.00 | NOTE | |
r-oldrel-macos-arm64 | 0.1.3 | 29.00 | NOTE | |||
r-oldrel-macos-x86_64 | 0.1.3 | 39.00 | NOTE | |||
r-oldrel-windows-x86_64 | 0.1.3 | 3.00 | 63.00 | 66.00 | NOTE |
Version: 0.1.3
Check: LazyData
Result: NOTE
'LazyData' is specified without a 'data' directory
Flavors: r-devel-linux-x86_64-debian-clang, r-devel-linux-x86_64-debian-gcc, r-devel-linux-x86_64-fedora-clang, r-devel-linux-x86_64-fedora-gcc, r-devel-windows-x86_64, r-patched-linux-x86_64, r-release-linux-x86_64, r-release-macos-arm64, r-release-windows-x86_64, r-oldrel-macos-arm64, r-oldrel-macos-x86_64, r-oldrel-windows-x86_64