Last updated on 2024-05-13 03:49:45 CEST.
Flavor | Version | Tinstall | Tcheck | Ttotal | Status | Flags |
---|---|---|---|---|---|---|
r-devel-linux-x86_64-debian-clang | 0.4.22 | 743.38 | 57.96 | 801.34 | OK | |
r-devel-linux-x86_64-debian-gcc | 0.4.22 | 808.21 | 44.14 | 852.35 | OK | |
r-devel-linux-x86_64-fedora-gcc | 0.4.22 | 1849.03 | OK | |||
r-devel-windows-x86_64 | 0.4.22 | 839.00 | 124.00 | 963.00 | NOTE | |
r-patched-linux-x86_64 | 0.4.22 | 974.55 | 57.86 | 1032.41 | OK | |
r-release-linux-x86_64 | 0.4.22 | 949.12 | 56.13 | 1005.25 | OK | |
r-release-macos-arm64 | 0.4.22 | 212.00 | WARN | |||
r-release-macos-x86_64 | 0.4.22 | 249.00 | NOTE | |||
r-release-windows-x86_64 | 0.4.22 | 832.00 | 125.00 | 957.00 | NOTE | |
r-oldrel-macos-arm64 | 0.4.22 | 207.00 | WARN | |||
r-oldrel-macos-x86_64 | 0.4.22 | 237.00 | NOTE | |||
r-oldrel-windows-x86_64 | 0.4.22 | 1056.00 | 142.00 | 1198.00 | NOTE |
Version: 0.4.22
Check: installed package size
Result: NOTE
installed size is 14.2Mb
sub-directories of 1Mb or more:
libs 13.6Mb
Flavors: r-devel-windows-x86_64, r-release-macos-arm64, r-release-macos-x86_64, r-release-windows-x86_64, r-oldrel-macos-arm64, r-oldrel-macos-x86_64, r-oldrel-windows-x86_64
Version: 0.4.22
Check: whether package can be installed
Result: WARN
Found the following significant warnings:
/opt/R/arm64/include/boost/math/tools/config.hpp:23:6: warning: "The minimum language standard to use Boost.Math will be C++14 starting in July 2023 (Boost 1.82 release)" [-W#warnings]
# warning "The minimum language standard to use Boost.Math will be C++14 starting in July 2023 (Boost 1.82 release)"
See ‘/Volumes/Builds/packages/big-sur-arm64/results/4.4/RQuantLib.Rcheck/00install.out’ for details.
* used C++ compiler: ‘Apple clang version 14.0.0 (clang-1400.0.29.202)’
* used SDK: ‘MacOSX11.3.sdk’
Flavor: r-release-macos-arm64
Version: 0.4.22
Check: whether package can be installed
Result: WARN
Found the following significant warnings:
/opt/R/arm64/include/boost/math/tools/config.hpp:23:6: warning: "The minimum language standard to use Boost.Math will be C++14 starting in July 2023 (Boost 1.82 release)" [-W#warnings]
# warning "The minimum language standard to use Boost.Math will be C++14 starting in July 2023 (Boost 1.82 release)"
See ‘/Volumes/Builds/packages/big-sur-arm64/results/4.3/RQuantLib.Rcheck/00install.out’ for details.
* used C++ compiler: ‘Apple clang version 14.0.0 (clang-1400.0.29.202)’
* used SDK: ‘MacOSX11.3.sdk’
Flavor: r-oldrel-macos-arm64