Last updated on 2024-05-13 03:49:43 CEST.
Flavor | Version | Tinstall | Tcheck | Ttotal | Status | Flags |
---|---|---|---|---|---|---|
r-devel-linux-x86_64-debian-clang | 3.0.0 | 26.51 | 441.81 | 468.32 | OK | |
r-devel-linux-x86_64-debian-gcc | 3.0.0 | 22.17 | 308.92 | 331.09 | OK | |
r-devel-linux-x86_64-fedora-clang | 3.0.0 | 563.76 | OK | |||
r-devel-linux-x86_64-fedora-gcc | 3.0.0 | 658.00 | OK | |||
r-devel-windows-x86_64 | 3.0.0 | 22.00 | 266.00 | 288.00 | OK | |
r-patched-linux-x86_64 | 3.0.0 | 20.25 | 419.73 | 439.98 | OK | |
r-release-linux-x86_64 | 3.0.0 | 17.58 | 425.30 | 442.88 | OK | |
r-release-macos-arm64 | 3.0.0 | 110.00 | NOTE | |||
r-release-windows-x86_64 | 3.0.0 | 21.00 | 266.00 | 287.00 | OK | |
r-oldrel-macos-arm64 | 3.0.0 | 121.00 | OK | |||
r-oldrel-macos-x86_64 | 3.0.0 | 217.00 | NOTE | |||
r-oldrel-windows-x86_64 | 3.0.0 | 31.00 | 354.00 | 385.00 | OK |
Version: 3.0.0
Check: installed package size
Result: NOTE
installed size is 5.2Mb
sub-directories of 1Mb or more:
data 4.5Mb
Flavors: r-release-macos-arm64, r-oldrel-macos-x86_64