Last updated on 2024-05-09 15:49:31 CEST.
Flavor | Version | Tinstall | Tcheck | Ttotal | Status | Flags |
---|---|---|---|---|---|---|
r-devel-linux-x86_64-debian-clang | 0.1.0 | 22.85 | 31.71 | 54.56 | NOTE | |
r-devel-linux-x86_64-debian-gcc | 0.1.0 | 17.21 | 24.33 | 41.54 | NOTE | |
r-devel-linux-x86_64-fedora-clang | 0.1.0 | 76.01 | NOTE | |||
r-devel-linux-x86_64-fedora-gcc | 0.1.0 | 120.85 | NOTE | |||
r-devel-windows-x86_64 | 0.1.0 | 19.00 | 99.00 | 118.00 | NOTE | |
r-patched-linux-x86_64 | 0.1.0 | 22.97 | 30.63 | 53.60 | NOTE | |
r-release-linux-x86_64 | 0.1.0 | 21.62 | 31.61 | 53.23 | NOTE | |
r-release-macos-arm64 | 0.1.0 | 20.00 | NOTE | |||
r-release-windows-x86_64 | 0.1.0 | 18.00 | 67.00 | 85.00 | NOTE | |
r-oldrel-macos-arm64 | 0.1.0 | 22.00 | NOTE | |||
r-oldrel-macos-x86_64 | 0.1.0 | 32.00 | NOTE | |||
r-oldrel-windows-x86_64 | 0.1.0 | 18.00 | 74.00 | 92.00 | NOTE |
Version: 0.1.0
Check: C++ specification
Result: NOTE
Specified C++11: please drop specification unless essential
Flavors: r-devel-linux-x86_64-debian-clang, r-devel-linux-x86_64-debian-gcc, r-devel-linux-x86_64-fedora-clang, r-devel-linux-x86_64-fedora-gcc, r-devel-windows-x86_64, r-patched-linux-x86_64, r-release-linux-x86_64, r-release-macos-arm64, r-release-windows-x86_64, r-oldrel-macos-arm64, r-oldrel-macos-x86_64, r-oldrel-windows-x86_64
Version: 0.1.0
Check: LazyData
Result: NOTE
'LazyData' is specified without a 'data' directory
Flavors: r-devel-linux-x86_64-debian-clang, r-devel-linux-x86_64-debian-gcc, r-devel-linux-x86_64-fedora-clang, r-devel-linux-x86_64-fedora-gcc, r-devel-windows-x86_64, r-patched-linux-x86_64, r-release-linux-x86_64, r-release-macos-arm64, r-release-windows-x86_64, r-oldrel-macos-arm64, r-oldrel-macos-x86_64, r-oldrel-windows-x86_64