Last updated on 2024-05-13 03:49:44 CEST.
Flavor | Version | Tinstall | Tcheck | Ttotal | Status | Flags |
---|---|---|---|---|---|---|
r-devel-linux-x86_64-debian-clang | 1.0.0 | 3.81 | 42.36 | 46.17 | NOTE | |
r-devel-linux-x86_64-debian-gcc | 1.0.0 | 2.78 | 32.80 | 35.58 | NOTE | |
r-devel-linux-x86_64-fedora-clang | 1.0.0 | 60.47 | NOTE | |||
r-devel-linux-x86_64-fedora-gcc | 1.0.0 | 73.69 | NOTE | |||
r-devel-windows-x86_64 | 1.0.0 | 4.00 | 70.00 | 74.00 | NOTE | |
r-patched-linux-x86_64 | 1.0.0 | 3.99 | 42.01 | 46.00 | NOTE | |
r-release-linux-x86_64 | 1.0.0 | 2.58 | 40.44 | 43.02 | NOTE | |
r-release-macos-arm64 | 1.0.0 | 26.00 | NOTE | |||
r-release-windows-x86_64 | 1.0.0 | 6.00 | 89.00 | 95.00 | NOTE | |
r-oldrel-macos-arm64 | 1.0.0 | 26.00 | NOTE | |||
r-oldrel-macos-x86_64 | 1.0.0 | 37.00 | NOTE | |||
r-oldrel-windows-x86_64 | 1.0.0 | 5.00 | 83.00 | 88.00 | NOTE |
Version: 1.0.0
Check: LazyData
Result: NOTE
'LazyData' is specified without a 'data' directory
Flavors: r-devel-linux-x86_64-debian-clang, r-devel-linux-x86_64-debian-gcc, r-devel-linux-x86_64-fedora-clang, r-devel-linux-x86_64-fedora-gcc, r-devel-windows-x86_64, r-patched-linux-x86_64, r-release-linux-x86_64, r-release-macos-arm64, r-release-windows-x86_64, r-oldrel-macos-arm64, r-oldrel-macos-x86_64, r-oldrel-windows-x86_64