Last updated on 2024-05-09 15:49:32 CEST.
Flavor | Version | Tinstall | Tcheck | Ttotal | Status | Flags |
---|---|---|---|---|---|---|
r-devel-linux-x86_64-debian-clang | 0.1.5.2 | 678.40 | 87.36 | 765.76 | OK | |
r-devel-linux-x86_64-debian-gcc | 0.1.5.2 | 497.76 | 61.83 | 559.59 | OK | |
r-devel-linux-x86_64-fedora-clang | 0.1.5.2 | 1031.05 | OK | |||
r-devel-linux-x86_64-fedora-gcc | 0.1.5.2 | 1189.76 | OK | |||
r-devel-windows-x86_64 | 0.1.5.2 | 506.00 | 128.00 | 634.00 | OK | |
r-patched-linux-x86_64 | 0.1.5.2 | 646.65 | 80.44 | 727.09 | OK | |
r-release-linux-x86_64 | 0.1.5.2 | 644.35 | 82.67 | 727.02 | OK | |
r-release-macos-arm64 | 0.1.5.2 | 167.00 | NOTE | |||
r-release-macos-x86_64 | 0.1.5.2 | 224.00 | NOTE | |||
r-release-windows-x86_64 | 0.1.5.2 | 505.00 | 135.00 | 640.00 | OK | |
r-oldrel-macos-arm64 | 0.1.5.2 | 172.00 | NOTE | |||
r-oldrel-macos-x86_64 | 0.1.5.2 | 202.00 | NOTE | |||
r-oldrel-windows-x86_64 | 0.1.5.2 | 615.00 | 154.00 | 769.00 | OK |
Version: 0.1.5.2
Check: installed package size
Result: NOTE
installed size is 22.9Mb
sub-directories of 1Mb or more:
libs 22.1Mb
Flavors: r-release-macos-arm64, r-release-macos-x86_64, r-oldrel-macos-arm64, r-oldrel-macos-x86_64