Last updated on 2024-05-11 03:52:06 CEST.
Flavor | Version | Tinstall | Tcheck | Ttotal | Status | Flags |
---|---|---|---|---|---|---|
r-devel-linux-x86_64-debian-clang | 1.5.1 | 4.15 | 43.43 | 47.58 | OK | |
r-devel-linux-x86_64-debian-gcc | 1.5.1 | 3.26 | 32.83 | 36.09 | OK | |
r-devel-linux-x86_64-fedora-clang | 1.5.1 | 59.54 | NOTE | |||
r-devel-linux-x86_64-fedora-gcc | 1.5.1 | 63.97 | OK | |||
r-devel-windows-x86_64 | 1.5.1 | 6.00 | 60.00 | 66.00 | OK | |
r-patched-linux-x86_64 | 1.5.1 | 5.83 | 42.22 | 48.05 | OK | |
r-release-linux-x86_64 | 1.5.1 | 4.13 | 42.16 | 46.29 | OK | |
r-release-macos-arm64 | 1.5.1 | 19.00 | OK | |||
r-release-windows-x86_64 | 1.5.1 | 4.00 | 61.00 | 65.00 | OK | |
r-oldrel-macos-arm64 | 1.5.1 | 24.00 | OK | |||
r-oldrel-macos-x86_64 | 1.5.1 | 73.00 | OK | |||
r-oldrel-windows-x86_64 | 1.5.1 | 5.00 | 63.00 | 68.00 | OK |
Version: 1.5.1
Check: Rd cross-references
Result: NOTE
Undeclared package ‘sp’ in Rd xrefs
Flavor: r-devel-linux-x86_64-fedora-clang