Last updated on 2024-05-11 03:52:11 CEST.
Flavor | Version | Tinstall | Tcheck | Ttotal | Status | Flags |
---|---|---|---|---|---|---|
r-devel-linux-x86_64-debian-clang | 2.2 | 3.86 | 40.58 | 44.44 | OK | |
r-devel-linux-x86_64-debian-gcc | 2.2 | 2.33 | 30.01 | 32.34 | OK | |
r-devel-linux-x86_64-fedora-clang | 2.2 | 53.86 | NOTE | |||
r-devel-linux-x86_64-fedora-gcc | 2.2 | 59.36 | NOTE | |||
r-devel-windows-x86_64 | 2.2 | 5.00 | 51.00 | 56.00 | OK | |
r-patched-linux-x86_64 | 2.2 | 3.58 | 39.74 | 43.32 | OK | |
r-release-linux-x86_64 | 2.2 | 3.12 | 38.10 | 41.22 | OK | |
r-release-macos-arm64 | 2.2 | 19.00 | OK | |||
r-release-macos-x86_64 | 2.2 | 54.00 | OK | |||
r-release-windows-x86_64 | 2.2 | 4.00 | 50.00 | 54.00 | OK | |
r-oldrel-macos-arm64 | 2.2 | 32.00 | OK | |||
r-oldrel-macos-x86_64 | 2.2 | 51.00 | OK | |||
r-oldrel-windows-x86_64 | 2.2 | 4.00 | 53.00 | 57.00 | OK |
Version: 2.2
Check: data for non-ASCII characters
Result: NOTE
Note: found 5 marked Latin-1 strings
Flavors: r-devel-linux-x86_64-fedora-clang, r-devel-linux-x86_64-fedora-gcc