Last updated on 2024-05-09 15:49:35 CEST.
Flavor | Version | Tinstall | Tcheck | Ttotal | Status | Flags |
---|---|---|---|---|---|---|
r-devel-linux-x86_64-debian-clang | 0.3.1 | 56.79 | 355.23 | 412.02 | NOTE | |
r-devel-linux-x86_64-debian-gcc | 0.3.1 | 42.30 | 255.86 | 298.16 | NOTE | |
r-devel-linux-x86_64-fedora-clang | 0.3.1 | 539.15 | NOTE | |||
r-devel-linux-x86_64-fedora-gcc | 0.3.1 | 662.08 | NOTE | |||
r-devel-windows-x86_64 | 0.3.1 | 31.00 | 213.00 | 244.00 | OK | |
r-patched-linux-x86_64 | 0.3.1 | 53.93 | 342.68 | 396.61 | NOTE | |
r-release-linux-x86_64 | 0.3.1 | 53.26 | 349.24 | 402.50 | NOTE | |
r-release-macos-arm64 | 0.3.1 | 254.00 | OK | |||
r-release-macos-x86_64 | 0.3.1 | 314.00 | OK | |||
r-release-windows-x86_64 | 0.3.1 | 35.00 | 214.00 | 249.00 | OK | |
r-oldrel-macos-arm64 | 0.3.1 | 126.00 | OK | |||
r-oldrel-macos-x86_64 | 0.3.1 | 338.00 | OK | |||
r-oldrel-windows-x86_64 | 0.3.1 | 41.00 | 281.00 | 322.00 | OK |
Version: 0.3.1
Check: for non-standard things in the check directory
Result: NOTE
Found the following files/directories:
‘assocpointpair_result.csv’ ‘foundereffectfinder_result.csv’
‘getfreqs_result.csv’ ‘getfreqs_result.png’ ‘orPlot.pdf1_1.pdf’
‘orPlot.pdf2_1.pdf’ ‘orPlot.pdf3_1.pdf’ ‘orPlot.pdf4_1.pdf’
‘orPlot.pdf5_1.pdf’ ‘orPlot.pdf6_1.pdf’ ‘orPlot.pdf7_1.pdf’
‘orPlot.pdf8_1.pdf’ ‘q-values_result.csv’ ‘rewritetuple_result.csv’
‘tartan_plot.pdf’ ‘vispair_plot.pdf’ ‘vispairfeat_plot.pdf’
‘volcano_plot.pdf’
Flavors: r-devel-linux-x86_64-debian-clang, r-devel-linux-x86_64-debian-gcc, r-devel-linux-x86_64-fedora-clang, r-devel-linux-x86_64-fedora-gcc, r-patched-linux-x86_64, r-release-linux-x86_64