Last updated on 2024-05-11 03:52:12 CEST.
Flavor | Version | Tinstall | Tcheck | Ttotal | Status | Flags |
---|---|---|---|---|---|---|
r-devel-linux-x86_64-debian-clang | 1.1.2 | 6.60 | 68.54 | 75.14 | OK | |
r-devel-linux-x86_64-debian-gcc | 1.1.2 | 6.46 | 52.46 | 58.92 | OK | |
r-devel-linux-x86_64-fedora-clang | 1.1.2 | 96.09 | NOTE | |||
r-devel-linux-x86_64-fedora-gcc | 1.1.2 | 145.88 | NOTE | |||
r-devel-windows-x86_64 | 1.1.2 | 9.00 | 79.00 | 88.00 | OK | |
r-patched-linux-x86_64 | 1.1.2 | 6.63 | 66.68 | 73.31 | OK | |
r-release-linux-x86_64 | 1.1.2 | 7.69 | 68.37 | 76.06 | OK | |
r-release-macos-arm64 | 1.1.2 | 31.00 | OK | |||
r-release-windows-x86_64 | 1.1.2 | 8.00 | 80.00 | 88.00 | OK | |
r-oldrel-macos-arm64 | 1.1.2 | 44.00 | OK | |||
r-oldrel-macos-x86_64 | 1.1.2 | 64.00 | OK | |||
r-oldrel-windows-x86_64 | 1.1.2 | 11.00 | 87.00 | 98.00 | OK |
Version: 1.1.2
Check: compiled code
Result: NOTE
File ‘SynchWave/libs/SynchWave.so’:
Found no calls to: ‘R_registerRoutines’, ‘R_useDynamicSymbols’
It is good practice to register native routines and to disable symbol
search.
See ‘Writing portable packages’ in the ‘Writing R Extensions’ manual.
Flavors: r-devel-linux-x86_64-fedora-clang, r-devel-linux-x86_64-fedora-gcc