Last updated on 2024-05-09 15:49:37 CEST.
Flavor | Version | Tinstall | Tcheck | Ttotal | Status | Flags |
---|---|---|---|---|---|---|
r-devel-linux-x86_64-debian-clang | 0.1.2 | 227.96 | 205.55 | 433.51 | NOTE | |
r-devel-linux-x86_64-debian-gcc | 0.1.2 | 193.44 | 156.01 | 349.45 | NOTE | |
r-devel-linux-x86_64-fedora-clang | 0.1.2 | 621.42 | NOTE | |||
r-devel-linux-x86_64-fedora-gcc | 0.1.2 | 713.55 | NOTE | |||
r-devel-windows-x86_64 | 0.1.2 | 185.00 | 292.00 | 477.00 | NOTE | |
r-patched-linux-x86_64 | 0.1.2 | 236.03 | 195.13 | 431.16 | NOTE | |
r-release-linux-x86_64 | 0.1.2 | 210.69 | 197.38 | 408.07 | NOTE | |
r-release-macos-arm64 | 0.1.2 | 114.00 | NOTE | |||
r-release-macos-x86_64 | 0.1.2 | 201.00 | NOTE | |||
r-release-windows-x86_64 | 0.1.2 | 188.00 | 191.00 | 379.00 | NOTE | |
r-oldrel-macos-arm64 | 0.1.2 | 147.00 | NOTE | |||
r-oldrel-macos-x86_64 | 0.1.2 | 260.00 | NOTE | |||
r-oldrel-windows-x86_64 | 0.1.2 | 232.00 | 400.00 | 632.00 | NOTE |
Version: 0.1.2
Check: C++ specification
Result: NOTE
Specified C++11: please drop specification unless essential
Flavors: r-devel-linux-x86_64-debian-clang, r-devel-linux-x86_64-debian-gcc, r-devel-linux-x86_64-fedora-clang, r-devel-linux-x86_64-fedora-gcc, r-devel-windows-x86_64, r-patched-linux-x86_64, r-release-linux-x86_64, r-release-macos-arm64, r-release-macos-x86_64, r-release-windows-x86_64, r-oldrel-macos-arm64, r-oldrel-macos-x86_64, r-oldrel-windows-x86_64
Version: 0.1.2
Check: Rd cross-references
Result: NOTE
Undeclared package ‘HSAUR3’ in Rd xrefs
Flavor: r-devel-linux-x86_64-fedora-clang
Version: 0.1.2
Check: installed package size
Result: NOTE
installed size is 11.5Mb
sub-directories of 1Mb or more:
libs 11.0Mb
Flavors: r-release-macos-arm64, r-release-macos-x86_64, r-oldrel-macos-arm64, r-oldrel-macos-x86_64