Last updated on 2024-05-11 15:49:21 CEST.
Flavor | Version | Tinstall | Tcheck | Ttotal | Status | Flags |
---|---|---|---|---|---|---|
r-devel-linux-x86_64-debian-clang | 2018.5-1 | 251.56 | 23.06 | 274.62 | NOTE | |
r-devel-linux-x86_64-debian-gcc | 2018.5-1 | 176.66 | 18.11 | 194.77 | NOTE | |
r-devel-linux-x86_64-fedora-clang | 2018.5-1 | 466.31 | NOTE | |||
r-devel-linux-x86_64-fedora-gcc | 2018.5-1 | 420.01 | NOTE | |||
r-devel-windows-x86_64 | 2018.5-1 | 237.00 | 64.00 | 301.00 | NOTE | |
r-patched-linux-x86_64 | 2018.5-1 | 244.44 | 22.07 | 266.51 | NOTE | |
r-release-linux-x86_64 | 2018.5-1 | 228.40 | 22.46 | 250.86 | NOTE | |
r-release-macos-arm64 | 2018.5-1 | 60.00 | NOTE | |||
r-release-windows-x86_64 | 2018.5-1 | 238.00 | 61.00 | 299.00 | NOTE | |
r-oldrel-macos-arm64 | 2018.5-1 | 79.00 | OK | |||
r-oldrel-macos-x86_64 | 2018.5-1 | 147.00 | OK | |||
r-oldrel-windows-x86_64 | 2018.5-1 | 230.00 | 64.00 | 294.00 | OK |
Version: 2018.5-1
Check: Rd files
Result: NOTE
checkRd: (-1) TAQ-functions.Rd:119: Lost braces
119 | Brownlees, C. T., and Gallo, G. M. (2006). Financial Econometric Analysis at Ultra{--}High Frequency: Data Handling Concerns, \emph{Computational Statistics and Data Analysis} \bold{51}, 2232--2245.
| ^
checkRd: (-1) TAQ-package.Rd:59: Lost braces
59 | Brownlees, C. T., and Gallo, G. M. (2006). Financial Econometric Analysis at Ultra{--}High Frequency: Data Handling Concerns, \emph{Computational Statistics and Data Analysis} \bold{51}, 2232--2245.
| ^
Flavors: r-devel-linux-x86_64-debian-clang, r-devel-linux-x86_64-debian-gcc, r-devel-linux-x86_64-fedora-clang, r-devel-linux-x86_64-fedora-gcc, r-devel-windows-x86_64, r-patched-linux-x86_64, r-release-linux-x86_64, r-release-macos-arm64, r-release-windows-x86_64