Last updated on 2024-05-09 15:49:37 CEST.
Flavor | Version | Tinstall | Tcheck | Ttotal | Status | Flags |
---|---|---|---|---|---|---|
r-devel-linux-x86_64-debian-clang | 0.0.9 | 19.49 | 28.00 | 47.49 | NOTE | |
r-devel-linux-x86_64-debian-gcc | 0.0.9 | 13.36 | 21.27 | 34.63 | NOTE | |
r-devel-linux-x86_64-fedora-clang | 0.0.9 | 71.75 | NOTE | |||
r-devel-linux-x86_64-fedora-gcc | 0.0.9 | 103.84 | NOTE | |||
r-devel-windows-x86_64 | 0.0.9 | 17.00 | 64.00 | 81.00 | NOTE | |
r-patched-linux-x86_64 | 0.0.9 | 17.19 | 26.95 | 44.14 | NOTE | |
r-release-linux-x86_64 | 0.0.9 | 18.34 | 26.05 | 44.39 | NOTE | |
r-release-macos-arm64 | 0.0.9 | 22.00 | NOTE | |||
r-release-windows-x86_64 | 0.0.9 | 17.00 | 64.00 | 81.00 | NOTE | |
r-oldrel-macos-arm64 | 0.0.9 | 23.00 | NOTE | |||
r-oldrel-macos-x86_64 | 0.0.9 | 36.00 | NOTE | |||
r-oldrel-windows-x86_64 | 0.0.9 | 19.00 | 74.00 | 93.00 | NOTE |
Version: 0.0.9
Check: C++ specification
Result: NOTE
Specified C++11: please drop specification unless essential
Flavors: r-devel-linux-x86_64-debian-clang, r-devel-linux-x86_64-debian-gcc, r-devel-linux-x86_64-fedora-clang, r-devel-linux-x86_64-fedora-gcc, r-devel-windows-x86_64, r-patched-linux-x86_64, r-release-linux-x86_64, r-release-macos-arm64, r-release-windows-x86_64, r-oldrel-macos-arm64, r-oldrel-macos-x86_64, r-oldrel-windows-x86_64