Last updated on 2024-05-13 03:49:51 CEST.
Flavor | Version | Tinstall | Tcheck | Ttotal | Status | Flags |
---|---|---|---|---|---|---|
r-devel-linux-x86_64-debian-clang | 1.1.7 | 39.42 | 333.81 | 373.23 | OK | |
r-devel-linux-x86_64-debian-gcc | 1.1.7 | 24.19 | 237.84 | 262.03 | OK | |
r-devel-linux-x86_64-fedora-clang | 1.1.7 | 496.96 | OK | |||
r-devel-linux-x86_64-fedora-gcc | 1.1.7 | 513.14 | OK | |||
r-devel-windows-x86_64 | 1.1.7 | 28.00 | 231.00 | 259.00 | OK | |
r-patched-linux-x86_64 | 1.0.7 | 22.16 | 291.54 | 313.70 | OK | |
r-release-linux-x86_64 | 1.1.7 | 21.43 | 311.25 | 332.68 | OK | |
r-release-macos-arm64 | 1.1.7 | 121.00 | OK | |||
r-release-macos-x86_64 | 1.1.7 | 15.00 | ERROR | |||
r-release-windows-x86_64 | 1.1.7 | 32.00 | 217.00 | 249.00 | OK | |
r-oldrel-macos-arm64 | 1.1.7 | 119.00 | OK | |||
r-oldrel-macos-x86_64 | 1.1.7 | 288.00 | OK | |||
r-oldrel-windows-x86_64 | 1.1.7 | 28.00 | 247.00 | 275.00 | OK |
Version: 1.1.7
Check: whether package can be installed
Result: ERROR
Installation failed.
Flavor: r-release-macos-x86_64