Last updated on 2024-05-11 03:52:13 CEST.
Flavor | Version | Tinstall | Tcheck | Ttotal | Status | Flags |
---|---|---|---|---|---|---|
r-devel-linux-x86_64-debian-clang | 0.9.22 | 10.32 | 116.15 | 126.47 | OK | |
r-devel-linux-x86_64-debian-gcc | 0.9.22 | 10.85 | 86.11 | 96.96 | OK | |
r-devel-linux-x86_64-fedora-clang | 0.9.22 | 156.87 | NOTE | |||
r-devel-linux-x86_64-fedora-gcc | 0.9.22 | 216.46 | NOTE | |||
r-devel-windows-x86_64 | 0.9.22 | 12.00 | 337.00 | 349.00 | OK | |
r-patched-linux-x86_64 | 0.9.22 | 13.67 | 111.08 | 124.75 | OK | |
r-release-linux-x86_64 | 0.9.22 | 11.95 | 109.12 | 121.07 | OK | |
r-release-macos-arm64 | 0.9.22 | 52.00 | OK | |||
r-release-windows-x86_64 | 0.9.22 | 13.00 | 274.00 | 287.00 | OK | |
r-oldrel-macos-arm64 | 0.9.22 | 61.00 | OK | |||
r-oldrel-macos-x86_64 | 0.9.22 | 85.00 | OK | |||
r-oldrel-windows-x86_64 | 0.9.22 | 15.00 | 333.00 | 348.00 | OK |
Version: 0.9.22
Check: data for non-ASCII characters
Result: NOTE
Note: found 153 marked Latin-1 strings
Note: found 108 marked UTF-8 strings
Flavors: r-devel-linux-x86_64-fedora-clang, r-devel-linux-x86_64-fedora-gcc