Last updated on 2024-05-11 03:52:14 CEST.
Flavor | Version | Tinstall | Tcheck | Ttotal | Status | Flags |
---|---|---|---|---|---|---|
r-devel-linux-x86_64-debian-clang | 1.1.0 | 72.72 | 154.88 | 227.60 | NOTE | |
r-devel-linux-x86_64-debian-gcc | 1.1.0 | 58.60 | 117.89 | 176.49 | NOTE | |
r-devel-linux-x86_64-fedora-clang | 1.1.0 | 316.66 | NOTE | |||
r-devel-linux-x86_64-fedora-gcc | 1.1.0 | 383.97 | NOTE | |||
r-devel-windows-x86_64 | 1.1.0 | 60.00 | 281.00 | 341.00 | NOTE | |
r-patched-linux-x86_64 | 1.1.0 | 73.24 | 152.21 | 225.45 | NOTE | |
r-release-linux-x86_64 | 1.1.0 | 71.13 | 153.96 | 225.09 | NOTE | |
r-release-macos-arm64 | 1.1.0 | 74.00 | NOTE | |||
r-release-windows-x86_64 | 1.1.0 | 59.00 | 285.00 | 344.00 | NOTE | |
r-oldrel-macos-arm64 | 1.1.0 | 90.00 | OK | |||
r-oldrel-macos-x86_64 | 1.1.0 | 143.00 | OK | |||
r-oldrel-windows-x86_64 | 1.1.0 | 72.00 | 318.00 | 390.00 | OK |
Version: 1.1.0
Check: Rd files
Result: NOTE
checkRd: (-1) repr_dwt.Rd:28: Lost braces; missing escapes or markup?
28 | The final representation has length equal to floor(n / 2^{level}), where n is a length of original time series.
| ^
Flavors: r-devel-linux-x86_64-debian-clang, r-devel-linux-x86_64-debian-gcc, r-devel-linux-x86_64-fedora-clang, r-devel-linux-x86_64-fedora-gcc, r-devel-windows-x86_64, r-patched-linux-x86_64, r-release-linux-x86_64, r-release-macos-arm64, r-release-windows-x86_64