Last updated on 2024-05-11 03:52:14 CEST.
Flavor | Version | Tinstall | Tcheck | Ttotal | Status | Flags |
---|---|---|---|---|---|---|
r-devel-linux-x86_64-debian-clang | 2.0-7 | 10.82 | 87.24 | 98.06 | NOTE | |
r-devel-linux-x86_64-debian-gcc | 2.0-7 | 8.91 | 64.19 | 73.10 | NOTE | |
r-devel-linux-x86_64-fedora-clang | 2.0-7 | 125.14 | NOTE | |||
r-devel-linux-x86_64-fedora-gcc | 2.0-7 | 152.65 | NOTE | |||
r-devel-windows-x86_64 | 2.0-7 | 14.00 | 116.00 | 130.00 | NOTE | |
r-patched-linux-x86_64 | 2.0-7 | 9.82 | 83.20 | 93.02 | NOTE | |
r-release-linux-x86_64 | 2.0-7 | 7.18 | 82.86 | 90.04 | NOTE | |
r-release-macos-arm64 | 2.0-7 | 37.00 | NOTE | |||
r-release-windows-x86_64 | 2.0-7 | 14.00 | 115.00 | 129.00 | NOTE | |
r-oldrel-macos-arm64 | 2.0-7 | 42.00 | NOTE | |||
r-oldrel-macos-x86_64 | 2.0-7 | 56.00 | NOTE | |||
r-oldrel-windows-x86_64 | 2.0-7 | 18.00 | 137.00 | 155.00 | NOTE |
Version: 2.0-7
Check: Rd files
Result: NOTE
checkRd: (-1) aosat.Rd:20: Escaped LaTeX specials: \_ \_ \_
checkRd: (-1) aosat.Rd:21: Escaped LaTeX specials: \_
checkRd: (-1) arctic.oscillations.Rd:19: Escaped LaTeX specials: \_ \_ \_
checkRd: (-1) arctic.oscillations.Rd:20: Escaped LaTeX specials: \_
checkRd: (-1) babies.Rd:28: Escaped LaTeX specials: \&
checkRd: (-1) babies.Rd:41: Escaped LaTeX specials: \$
checkRd: (-1) cabinet.Rd:25: Escaped LaTeX specials: \$
checkRd: (-1) cabinet.Rd:43: Escaped LaTeX specials: \$
checkRd: (-1) cabinet.Rd:48: Escaped LaTeX specials: \$
checkRd: (-1) exec.pay.Rd:5: Escaped LaTeX specials: \$
checkRd: (-1) sp500.excess.Rd:4: Escaped LaTeX specials: \&
checkRd: (-1) sp500.excess.Rd:6: Escaped LaTeX specials: \&
Flavors: r-devel-linux-x86_64-debian-clang, r-devel-linux-x86_64-debian-gcc, r-devel-linux-x86_64-fedora-clang, r-devel-linux-x86_64-fedora-gcc, r-devel-windows-x86_64, r-patched-linux-x86_64, r-release-linux-x86_64, r-release-macos-arm64, r-release-windows-x86_64, r-oldrel-macos-arm64, r-oldrel-macos-x86_64, r-oldrel-windows-x86_64