Last updated on 2024-05-11 15:49:24 CEST.
Flavor | Version | Tinstall | Tcheck | Ttotal | Status | Flags |
---|---|---|---|---|---|---|
r-devel-linux-x86_64-debian-clang | 0.99.19.1 | 118.73 | 31.13 | 149.86 | NOTE | |
r-devel-linux-x86_64-debian-gcc | 0.99.19.1 | 91.66 | 23.85 | 115.51 | NOTE | |
r-devel-linux-x86_64-fedora-clang | 0.99.19.1 | 232.08 | NOTE | |||
r-devel-linux-x86_64-fedora-gcc | 0.99.19.1 | 272.65 | NOTE | |||
r-devel-windows-x86_64 | 0.99.19.1 | 88.00 | 78.00 | 166.00 | NOTE | |
r-patched-linux-x86_64 | 0.99.19.1 | 120.51 | 30.81 | 151.32 | NOTE | |
r-release-linux-x86_64 | 0.99.19.1 | 119.10 | 30.59 | 149.69 | NOTE | |
r-release-macos-arm64 | 0.99.19.1 | 40.00 | NOTE | |||
r-release-windows-x86_64 | 0.99.19.1 | 90.00 | 77.00 | 167.00 | NOTE | |
r-oldrel-macos-arm64 | 0.99.19.1 | 45.00 | OK | |||
r-oldrel-macos-x86_64 | 0.99.19.1 | 80.00 | OK | |||
r-oldrel-windows-x86_64 | 0.99.19.1 | 86.00 | 87.00 | 173.00 | OK |
Version: 0.99.19.1
Check: Rd files
Result: NOTE
checkRd: (-1) xbrlSECdev01.Rd:20: Lost braces in \itemize; meant \describe ?
Flavors: r-devel-linux-x86_64-debian-clang, r-devel-linux-x86_64-debian-gcc, r-devel-linux-x86_64-fedora-clang, r-devel-linux-x86_64-fedora-gcc, r-devel-windows-x86_64, r-patched-linux-x86_64, r-release-linux-x86_64, r-release-macos-arm64, r-release-windows-x86_64