Last updated on 2024-05-13 03:49:53 CEST.
Flavor | Version | Tinstall | Tcheck | Ttotal | Status | Flags |
---|---|---|---|---|---|---|
r-devel-linux-x86_64-debian-clang | 0.1.6 | 7.70 | 76.39 | 84.09 | NOTE | |
r-devel-linux-x86_64-debian-gcc | 0.1.6 | 5.76 | 55.99 | 61.75 | NOTE | |
r-devel-linux-x86_64-fedora-clang | 0.1.6 | 102.94 | NOTE | |||
r-devel-linux-x86_64-fedora-gcc | 0.1.6 | 129.08 | NOTE | |||
r-devel-windows-x86_64 | 0.1.6 | 7.00 | 94.00 | 101.00 | NOTE | |
r-patched-linux-x86_64 | 0.1.6 | 8.19 | 73.59 | 81.78 | NOTE | |
r-release-linux-x86_64 | 0.1.6 | 6.08 | 70.48 | 76.56 | NOTE | |
r-release-macos-arm64 | 0.1.6 | 42.00 | NOTE | |||
r-release-windows-x86_64 | 0.1.6 | 9.00 | 96.00 | 105.00 | NOTE | |
r-oldrel-macos-arm64 | 0.1.6 | 35.00 | NOTE | |||
r-oldrel-macos-x86_64 | 0.1.6 | 54.00 | NOTE | |||
r-oldrel-windows-x86_64 | 0.1.6 | 10.00 | 108.00 | 118.00 | NOTE |
Version: 0.1.6
Check: LazyData
Result: NOTE
'LazyData' is specified without a 'data' directory
Flavors: r-devel-linux-x86_64-debian-clang, r-devel-linux-x86_64-debian-gcc, r-devel-linux-x86_64-fedora-clang, r-devel-linux-x86_64-fedora-gcc, r-devel-windows-x86_64, r-patched-linux-x86_64, r-release-linux-x86_64, r-release-macos-arm64, r-release-windows-x86_64, r-oldrel-macos-arm64, r-oldrel-macos-x86_64, r-oldrel-windows-x86_64