Last updated on 2024-05-09 15:49:11 CEST.
Flavor | Version | Tinstall | Tcheck | Ttotal | Status | Flags |
---|---|---|---|---|---|---|
r-devel-linux-x86_64-debian-clang | 4.3.2.3 | 110.10 | 125.70 | 235.80 | OK | |
r-devel-linux-x86_64-debian-gcc | 4.3.2.3 | 65.11 | 96.69 | 161.80 | OK | |
r-devel-linux-x86_64-fedora-clang | 4.3.2.3 | 269.23 | OK | |||
r-devel-linux-x86_64-fedora-gcc | 4.3.2.3 | 325.60 | OK | |||
r-devel-windows-x86_64 | 4.3.2.3 | 52.00 | 128.00 | 180.00 | OK | |
r-patched-linux-x86_64 | 4.3.2.3 | 50.41 | 123.11 | 173.52 | OK | |
r-release-linux-x86_64 | 4.3.2.3 | 60.40 | 123.44 | 183.84 | OK | |
r-release-macos-arm64 | 4.3.2.3 | 74.00 | NOTE | |||
r-release-windows-x86_64 | 4.3.2.3 | 52.00 | 133.00 | 185.00 | OK | |
r-oldrel-macos-arm64 | 4.3.2.3 | 88.00 | NOTE | |||
r-oldrel-macos-x86_64 | 4.3.2.3 | 180.00 | NOTE | |||
r-oldrel-windows-x86_64 | 4.3.2.3 | 70.00 | 159.00 | 229.00 | OK |
Version: 4.3.2.3
Check: installed package size
Result: NOTE
installed size is 6.9Mb
sub-directories of 1Mb or more:
libs 6.8Mb
Flavors: r-release-macos-arm64, r-oldrel-macos-arm64, r-oldrel-macos-x86_64