Last updated on 2024-05-09 15:49:11 CEST.
Flavor | Version | Tinstall | Tcheck | Ttotal | Status | Flags |
---|---|---|---|---|---|---|
r-devel-linux-x86_64-debian-clang | 0.9.3 | 42.20 | 47.36 | 89.56 | NOTE | |
r-devel-linux-x86_64-debian-gcc | 0.9.3 | 33.92 | 36.02 | 69.94 | NOTE | |
r-devel-linux-x86_64-fedora-clang | 0.9.3 | 121.93 | NOTE | |||
r-devel-linux-x86_64-fedora-gcc | 0.9.3 | 254.17 | NOTE | |||
r-devel-windows-x86_64 | 0.9.3 | 32.00 | 77.00 | 109.00 | NOTE | |
r-patched-linux-x86_64 | 0.9.3 | 44.15 | 45.92 | 90.07 | NOTE | |
r-release-linux-x86_64 | 0.9.3 | 40.46 | 45.68 | 86.14 | NOTE | |
r-release-macos-arm64 | 0.9.3 | 33.00 | NOTE | |||
r-release-windows-x86_64 | 0.9.3 | 33.00 | 80.00 | 113.00 | NOTE | |
r-oldrel-macos-arm64 | 0.9.3 | 39.00 | NOTE | |||
r-oldrel-macos-x86_64 | 0.9.3 | 59.00 | NOTE | |||
r-oldrel-windows-x86_64 | 0.9.3 | 42.00 | 89.00 | 131.00 | NOTE |
Version: 0.9.3
Check: C++ specification
Result: NOTE
Specified C++11: please drop specification unless essential
Flavors: r-devel-linux-x86_64-debian-clang, r-devel-linux-x86_64-debian-gcc, r-devel-linux-x86_64-fedora-clang, r-devel-linux-x86_64-fedora-gcc, r-devel-windows-x86_64, r-patched-linux-x86_64, r-release-linux-x86_64, r-release-macos-arm64, r-release-windows-x86_64, r-oldrel-macos-arm64, r-oldrel-macos-x86_64, r-oldrel-windows-x86_64
Version: 0.9.3
Check: installed package size
Result: NOTE
installed size is 8.6Mb
sub-directories of 1Mb or more:
libs 8.1Mb
Flavors: r-release-macos-arm64, r-oldrel-macos-arm64, r-oldrel-macos-x86_64