Last updated on 2024-05-11 15:48:58 CEST.
Flavor | Version | Tinstall | Tcheck | Ttotal | Status | Flags |
---|---|---|---|---|---|---|
r-devel-linux-x86_64-debian-clang | 1.0.2 | 20.39 | 53.45 | 73.84 | NOTE | |
r-devel-linux-x86_64-debian-gcc | 1.0.2 | 17.38 | 41.67 | 59.05 | NOTE | |
r-devel-linux-x86_64-fedora-clang | 1.0.2 | 109.61 | NOTE | |||
r-devel-linux-x86_64-fedora-gcc | 1.0.2 | 117.01 | NOTE | |||
r-devel-windows-x86_64 | 1.0.2 | 21.00 | 84.00 | 105.00 | NOTE | |
r-patched-linux-x86_64 | 1.0.2 | 22.83 | 53.05 | 75.88 | NOTE | |
r-release-linux-x86_64 | 1.0.2 | 25.02 | 53.09 | 78.11 | NOTE | |
r-release-macos-arm64 | 1.0.2 | 33.00 | NOTE | |||
r-release-windows-x86_64 | 1.0.2 | 21.00 | 82.00 | 103.00 | NOTE | |
r-oldrel-macos-arm64 | 1.0.2 | 39.00 | NOTE | |||
r-oldrel-macos-x86_64 | 1.0.2 | 58.00 | NOTE | |||
r-oldrel-windows-x86_64 | 1.0.2 | 19.00 | 85.00 | 104.00 | NOTE |
Version: 1.0.2
Check: C++ specification
Result: NOTE
Specified C++11: please drop specification unless essential
Flavors: r-devel-linux-x86_64-debian-clang, r-devel-linux-x86_64-debian-gcc, r-devel-linux-x86_64-fedora-clang, r-devel-linux-x86_64-fedora-gcc, r-devel-windows-x86_64, r-patched-linux-x86_64, r-release-linux-x86_64, r-release-macos-arm64, r-release-windows-x86_64, r-oldrel-macos-arm64, r-oldrel-macos-x86_64, r-oldrel-windows-x86_64
Version: 1.0.2
Check: compiled code
Result: NOTE
File ‘ambient/libs/ambient.so’:
Found non-API calls to R: ‘SETLENGTH’, ‘SET_TRUELENGTH’
Compiled code should not call non-API entry points in R.
See ‘Writing portable packages’ in the ‘Writing R Extensions’ manual.
Flavors: r-devel-linux-x86_64-debian-clang, r-devel-linux-x86_64-debian-gcc, r-devel-linux-x86_64-fedora-clang, r-devel-linux-x86_64-fedora-gcc
Version: 1.0.2
Check: compiled code
Result: NOTE
File 'ambient/libs/x64/ambient.dll':
Found non-API calls to R: 'SETLENGTH', 'SET_TRUELENGTH'
Compiled code should not call non-API entry points in R.
See 'Writing portable packages' in the 'Writing R Extensions' manual.
Flavor: r-devel-windows-x86_64