Last updated on 2024-05-13 03:49:24 CEST.
Flavor | Version | Tinstall | Tcheck | Ttotal | Status | Flags |
---|---|---|---|---|---|---|
r-devel-linux-x86_64-debian-clang | 2.3.6 | 11.25 | 101.19 | 112.44 | OK | |
r-devel-linux-x86_64-debian-gcc | 2.3.6 | 8.71 | 74.38 | 83.09 | OK | |
r-devel-linux-x86_64-fedora-clang | 2.3.6 | 141.36 | NOTE | |||
r-devel-linux-x86_64-fedora-gcc | 2.3.6 | 201.33 | OK | |||
r-devel-windows-x86_64 | 2.3.6 | 11.00 | 109.00 | 120.00 | OK | |
r-patched-linux-x86_64 | 2.3.6 | 12.60 | 98.05 | 110.65 | OK | |
r-release-linux-x86_64 | 2.3.6 | 11.15 | 97.67 | 108.82 | OK | |
r-release-macos-arm64 | 2.3.6 | 43.00 | OK | |||
r-release-windows-x86_64 | 2.3.6 | 10.00 | 106.00 | 116.00 | OK | |
r-oldrel-macos-arm64 | 2.3.6 | 48.00 | OK | |||
r-oldrel-macos-x86_64 | 2.3.6 | 75.00 | OK | |||
r-oldrel-windows-x86_64 | 2.3.6 | 13.00 | 125.00 | 138.00 | OK |
Version: 2.3.6
Check: Rd cross-references
Result: NOTE
Undeclared package ‘rmarkdown’ in Rd xrefs
Flavor: r-devel-linux-x86_64-fedora-clang