Last updated on 2024-05-09 15:49:11 CEST.
Flavor | Version | Tinstall | Tcheck | Ttotal | Status | Flags |
---|---|---|---|---|---|---|
r-devel-linux-x86_64-debian-clang | 0.1.0 | 88.82 | 25.65 | 114.47 | NOTE | |
r-devel-linux-x86_64-debian-gcc | 0.1.0 | 68.61 | 19.57 | 88.18 | NOTE | |
r-devel-linux-x86_64-fedora-clang | 0.1.0 | 153.76 | NOTE | |||
r-devel-linux-x86_64-fedora-gcc | 0.1.0 | 159.27 | NOTE | |||
r-devel-windows-x86_64 | 0.1.0 | 55.00 | 57.00 | 112.00 | NOTE | |
r-patched-linux-x86_64 | 0.1.0 | 90.78 | 24.40 | 115.18 | OK | |
r-release-linux-x86_64 | 0.1.0 | 91.42 | 24.55 | 115.97 | OK | |
r-release-macos-arm64 | 0.1.0 | 34.00 | NOTE | |||
r-release-windows-x86_64 | 0.1.0 | 56.00 | 59.00 | 115.00 | OK | |
r-oldrel-macos-arm64 | 0.1.0 | 41.00 | NOTE | |||
r-oldrel-macos-x86_64 | 0.1.0 | 85.00 | NOTE | |||
r-oldrel-windows-x86_64 | 0.1.0 | 63.00 | 61.00 | 124.00 | OK |
Version: 0.1.0
Check: compiled code
Result: NOTE
File ‘arcpbf/libs/arcpbf.so’:
Found non-API calls to R: ‘SET_ENCLOS’, ‘SET_ENVFLAGS’, ‘SET_PRCODE’,
‘SET_PRENV’, ‘SET_PRVALUE’
Compiled code should not call non-API entry points in R.
See ‘Writing portable packages’ in the ‘Writing R Extensions’ manual.
Flavors: r-devel-linux-x86_64-debian-clang, r-devel-linux-x86_64-debian-gcc, r-devel-linux-x86_64-fedora-clang, r-devel-linux-x86_64-fedora-gcc
Version: 0.1.0
Check: compiled code
Result: NOTE
File 'arcpbf/libs/x64/arcpbf.dll':
Found non-API calls to R: 'SET_ENCLOS', 'SET_ENVFLAGS', 'SET_PRCODE',
'SET_PRENV', 'SET_PRVALUE'
Compiled code should not call non-API entry points in R.
See 'Writing portable packages' in the 'Writing R Extensions' manual.
Flavor: r-devel-windows-x86_64
Version: 0.1.0
Check: installed package size
Result: NOTE
installed size is 7.9Mb
sub-directories of 1Mb or more:
libs 7.8Mb
Flavors: r-release-macos-arm64, r-oldrel-macos-arm64, r-oldrel-macos-x86_64