Last updated on 2024-05-09 15:49:11 CEST.
Flavor | Version | Tinstall | Tcheck | Ttotal | Status | Flags |
---|---|---|---|---|---|---|
r-devel-linux-x86_64-debian-clang | 1.3 | 6.51 | 62.81 | 69.32 | OK | |
r-devel-linux-x86_64-debian-gcc | 1.3 | 4.89 | 47.61 | 52.50 | OK | |
r-devel-linux-x86_64-fedora-clang | 1.3 | 87.71 | NOTE | |||
r-devel-linux-x86_64-fedora-gcc | 1.3 | 149.49 | NOTE | |||
r-devel-windows-x86_64 | 1.3 | 9.00 | 73.00 | 82.00 | OK | |
r-patched-linux-x86_64 | 1.3 | 4.20 | 61.02 | 65.22 | OK | |
r-release-linux-x86_64 | 1.3 | 3.73 | 59.38 | 63.11 | OK | |
r-release-macos-arm64 | 1.3 | 34.00 | OK | |||
r-release-windows-x86_64 | 1.3 | 7.00 | 73.00 | 80.00 | OK | |
r-oldrel-macos-arm64 | 1.3 | 33.00 | OK | |||
r-oldrel-macos-x86_64 | 1.3 | 65.00 | OK | |||
r-oldrel-windows-x86_64 | 1.3 | 8.00 | 79.00 | 87.00 | OK |
Version: 1.3
Check: dependencies in R code
Result: NOTE
Namespaces in Imports field not imported from:
‘DT’ ‘bslib’ ‘rclipboard’ ‘rmarkdown’
All declared Imports should be used.
Flavors: r-devel-linux-x86_64-fedora-clang, r-devel-linux-x86_64-fedora-gcc