Last updated on 2024-05-11 03:51:44 CEST.
Flavor | Version | Tinstall | Tcheck | Ttotal | Status | Flags |
---|---|---|---|---|---|---|
r-devel-linux-x86_64-debian-clang | 1.0.0 | 2.59 | 31.87 | 34.46 | NOTE | |
r-devel-linux-x86_64-debian-gcc | 1.0.0 | 2.15 | 24.32 | 26.47 | NOTE | |
r-devel-linux-x86_64-fedora-clang | 1.0.0 | 43.78 | NOTE | |||
r-devel-linux-x86_64-fedora-gcc | 1.0.0 | 47.29 | NOTE | |||
r-devel-windows-x86_64 | 1.0.0 | 5.00 | 49.00 | 54.00 | NOTE | |
r-patched-linux-x86_64 | 1.0.0 | 3.10 | 30.07 | 33.17 | NOTE | |
r-release-linux-x86_64 | 1.0.0 | 3.31 | 30.68 | 33.99 | NOTE | |
r-release-macos-arm64 | 1.0.0 | 19.00 | NOTE | |||
r-release-windows-x86_64 | 1.0.0 | 3.00 | 49.00 | 52.00 | NOTE | |
r-oldrel-macos-arm64 | 1.0.0 | 19.00 | NOTE | |||
r-oldrel-macos-x86_64 | 1.0.0 | 26.00 | NOTE | |||
r-oldrel-windows-x86_64 | 1.0.0 | 4.00 | 49.00 | 53.00 | NOTE |
Version: 1.0.0
Check: LazyData
Result: NOTE
'LazyData' is specified without a 'data' directory
Flavors: r-devel-linux-x86_64-debian-clang, r-devel-linux-x86_64-debian-gcc, r-devel-linux-x86_64-fedora-clang, r-devel-linux-x86_64-fedora-gcc, r-devel-windows-x86_64, r-patched-linux-x86_64, r-release-linux-x86_64, r-release-macos-arm64, r-release-windows-x86_64, r-oldrel-macos-arm64, r-oldrel-macos-x86_64, r-oldrel-windows-x86_64