Last updated on 2024-05-09 15:49:12 CEST.
Flavor | Version | Tinstall | Tcheck | Ttotal | Status | Flags |
---|---|---|---|---|---|---|
r-devel-linux-x86_64-debian-clang | 0.6-1 | 81.10 | 115.01 | 196.11 | OK | |
r-devel-linux-x86_64-debian-gcc | 0.6-1 | 66.38 | 89.64 | 156.02 | OK | |
r-devel-linux-x86_64-fedora-clang | 0.6-1 | 294.46 | OK | |||
r-devel-linux-x86_64-fedora-gcc | 0.6-1 | 347.64 | OK | |||
r-devel-windows-x86_64 | 0.6-1 | 67.00 | 149.00 | 216.00 | OK | |
r-patched-linux-x86_64 | 0.6-1 | 82.07 | 113.34 | 195.41 | OK | |
r-release-linux-x86_64 | 0.6-1 | 77.70 | 113.30 | 191.00 | OK | |
r-release-macos-arm64 | 0.6-1 | 78.00 | NOTE | |||
r-release-windows-x86_64 | 0.6-1 | 68.00 | 150.00 | 218.00 | OK | |
r-oldrel-macos-arm64 | 0.6-1 | 90.00 | NOTE | |||
r-oldrel-macos-x86_64 | 0.6-1 | 150.00 | NOTE | |||
r-oldrel-windows-x86_64 | 0.6-1 | 83.00 | 169.00 | 252.00 | OK |
Version: 0.6-1
Check: installed package size
Result: NOTE
installed size is 7.8Mb
sub-directories of 1Mb or more:
data 2.7Mb
libs 4.3Mb
Flavors: r-release-macos-arm64, r-oldrel-macos-arm64, r-oldrel-macos-x86_64