Last updated on 2024-05-13 03:49:24 CEST.
Flavor | Version | Tinstall | Tcheck | Ttotal | Status | Flags |
---|---|---|---|---|---|---|
r-devel-linux-x86_64-debian-clang | 1.0.0 | 1.98 | 25.83 | 27.81 | NOTE | |
r-devel-linux-x86_64-debian-gcc | 1.0.0 | 1.94 | 19.96 | 21.90 | NOTE | |
r-devel-linux-x86_64-fedora-clang | 1.0.0 | 35.77 | NOTE | |||
r-devel-linux-x86_64-fedora-gcc | 1.0.0 | 40.08 | NOTE | |||
r-devel-windows-x86_64 | 1.0.0 | 3.00 | 43.00 | 46.00 | NOTE | |
r-patched-linux-x86_64 | 1.0.0 | 2.20 | 24.34 | 26.54 | NOTE | |
r-release-linux-x86_64 | 1.0.0 | 2.19 | 24.60 | 26.79 | NOTE | |
r-release-macos-arm64 | 1.0.0 | 17.00 | NOTE | |||
r-release-windows-x86_64 | 1.0.0 | 3.00 | 42.00 | 45.00 | NOTE | |
r-oldrel-macos-arm64 | 1.0.0 | 16.00 | NOTE | |||
r-oldrel-macos-x86_64 | 1.0.0 | 23.00 | NOTE | |||
r-oldrel-windows-x86_64 | 1.0.0 | 3.00 | 42.00 | 45.00 | NOTE |
Version: 1.0.0
Check: package subdirectories
Result: NOTE
Problems with news in ‘NEWS.md’:
No news entries found.
Flavors: r-devel-linux-x86_64-debian-clang, r-devel-linux-x86_64-debian-gcc, r-devel-linux-x86_64-fedora-clang, r-devel-linux-x86_64-fedora-gcc, r-devel-windows-x86_64, r-patched-linux-x86_64, r-release-linux-x86_64, r-release-macos-arm64, r-release-windows-x86_64, r-oldrel-macos-arm64, r-oldrel-macos-x86_64, r-oldrel-windows-x86_64
Version: 1.0.0
Check: LazyData
Result: NOTE
'LazyData' is specified without a 'data' directory
Flavors: r-devel-linux-x86_64-debian-clang, r-devel-linux-x86_64-debian-gcc, r-devel-linux-x86_64-fedora-clang, r-devel-linux-x86_64-fedora-gcc, r-devel-windows-x86_64, r-patched-linux-x86_64, r-release-linux-x86_64, r-release-macos-arm64, r-release-windows-x86_64, r-oldrel-macos-arm64, r-oldrel-macos-x86_64, r-oldrel-windows-x86_64