Last updated on 2024-05-09 15:49:12 CEST.
Flavor | Version | Tinstall | Tcheck | Ttotal | Status | Flags |
---|---|---|---|---|---|---|
r-devel-linux-x86_64-debian-clang | 0.7.3 | 11.45 | 502.02 | 513.47 | OK | |
r-devel-linux-x86_64-debian-gcc | 0.7.3 | 11.47 | 369.91 | 381.38 | OK | |
r-devel-linux-x86_64-fedora-clang | 0.7.3 | 648.89 | NOTE | |||
r-devel-linux-x86_64-fedora-gcc | 0.7.3 | 707.88 | OK | |||
r-devel-windows-x86_64 | 0.7.3 | 15.00 | 416.00 | 431.00 | NOTE | |
r-patched-linux-x86_64 | 0.7.3 | 18.63 | 482.13 | 500.76 | OK | |
r-release-linux-x86_64 | 0.7.3 | 8.89 | 474.21 | 483.10 | OK | |
r-release-macos-arm64 | 0.7.3 | 198.00 | NOTE | |||
r-release-macos-x86_64 | 0.7.3 | 348.00 | NOTE | |||
r-release-windows-x86_64 | 0.7.3 | 15.00 | 413.00 | 428.00 | NOTE | |
r-oldrel-macos-arm64 | 0.7.3 | 10.00 | ERROR | |||
r-oldrel-macos-x86_64 | 0.7.3 | 7.00 | ERROR | |||
r-oldrel-windows-x86_64 | 0.7.3 | 20.00 | 519.00 | 539.00 | NOTE |
Version: 0.7.3
Check: installed package size
Result: NOTE
installed size is 5.6Mb
sub-directories of 1Mb or more:
data 1.6Mb
extdata 2.0Mb
Flavors: r-devel-linux-x86_64-fedora-clang, r-devel-windows-x86_64, r-release-macos-arm64, r-release-macos-x86_64, r-release-windows-x86_64, r-oldrel-windows-x86_64
Version: 0.7.3
Check: package dependencies
Result: ERROR
Package required but not available: ‘rhdf5’
See section ‘The DESCRIPTION file’ in the ‘Writing R Extensions’
manual.
Flavors: r-oldrel-macos-arm64, r-oldrel-macos-x86_64