Last updated on 2024-05-09 15:49:12 CEST.
Flavor | Version | Tinstall | Tcheck | Ttotal | Status | Flags |
---|---|---|---|---|---|---|
r-devel-linux-x86_64-debian-clang | 1.0 | 49.99 | 122.77 | 172.76 | OK | |
r-devel-linux-x86_64-debian-gcc | 1.0 | 37.81 | 92.81 | 130.62 | OK | |
r-devel-linux-x86_64-fedora-clang | 1.0 | 225.13 | NOTE | |||
r-devel-linux-x86_64-fedora-gcc | 1.0 | 287.70 | NOTE | |||
r-devel-windows-x86_64 | 1.0 | 42.00 | 119.00 | 161.00 | NOTE | |
r-patched-linux-x86_64 | 1.0 | 47.11 | 119.05 | 166.16 | OK | |
r-release-linux-x86_64 | 1.0 | 40.30 | 120.68 | 160.98 | OK | |
r-release-macos-arm64 | 1.0 | 64.00 | NOTE | |||
r-release-windows-x86_64 | 1.0 | 41.00 | 121.00 | 162.00 | NOTE | |
r-oldrel-macos-arm64 | 1.0 | 73.00 | NOTE | |||
r-oldrel-macos-x86_64 | 1.0 | 118.00 | NOTE | |||
r-oldrel-windows-x86_64 | 1.0 | 49.00 | 152.00 | 201.00 | NOTE |
Version: 1.0
Check: installed package size
Result: NOTE
installed size is 5.7Mb
sub-directories of 1Mb or more:
extdata 4.8Mb
Flavors: r-devel-linux-x86_64-fedora-clang, r-devel-windows-x86_64, r-release-macos-arm64, r-release-windows-x86_64, r-oldrel-macos-arm64, r-oldrel-macos-x86_64, r-oldrel-windows-x86_64
Version: 1.0
Check: dependencies in R code
Result: NOTE
Namespace in Imports field not imported from: ‘Rcpp’
All declared Imports should be used.
Flavors: r-devel-linux-x86_64-fedora-clang, r-devel-linux-x86_64-fedora-gcc