Last updated on 2024-05-13 03:49:25 CEST.
Flavor | Version | Tinstall | Tcheck | Ttotal | Status | Flags |
---|---|---|---|---|---|---|
r-devel-linux-x86_64-debian-clang | 1.2-4 | 3.00 | 26.17 | 29.17 | OK | |
r-devel-linux-x86_64-debian-gcc | 1.2-4 | 2.41 | 20.10 | 22.51 | OK | |
r-devel-linux-x86_64-fedora-clang | 1.2-4 | 37.89 | NOTE | |||
r-devel-linux-x86_64-fedora-gcc | 1.2-4 | 41.05 | NOTE | |||
r-devel-windows-x86_64 | 1.2-4 | 5.00 | 45.00 | 50.00 | OK | |
r-patched-linux-x86_64 | 1.2-4 | 2.82 | 24.96 | 27.78 | OK | |
r-release-linux-x86_64 | 1.2-4 | 2.14 | 25.54 | 27.68 | OK | |
r-release-macos-arm64 | 1.2-4 | 17.00 | OK | |||
r-release-windows-x86_64 | 1.2-4 | 5.00 | 44.00 | 49.00 | OK | |
r-oldrel-macos-arm64 | 1.2-4 | 31.00 | OK | |||
r-oldrel-macos-x86_64 | 1.2-4 | 49.00 | OK | |||
r-oldrel-windows-x86_64 | 1.2-4 | 6.00 | 45.00 | 51.00 | OK |
Version: 1.2-4
Check: compiled code
Result: NOTE
File ‘bootruin/libs/bootruin.so’:
Found no calls to: ‘R_registerRoutines’, ‘R_useDynamicSymbols’
It is good practice to register native routines and to disable symbol
search.
See ‘Writing portable packages’ in the ‘Writing R Extensions’ manual.
Flavors: r-devel-linux-x86_64-fedora-clang, r-devel-linux-x86_64-fedora-gcc