Last updated on 2024-05-11 03:51:45 CEST.
Flavor | Version | Tinstall | Tcheck | Ttotal | Status | Flags |
---|---|---|---|---|---|---|
r-devel-linux-x86_64-debian-clang | 1.1 | 46.27 | 34.71 | 80.98 | OK | |
r-devel-linux-x86_64-debian-gcc | 1.1 | 34.22 | 26.69 | 60.91 | OK | |
r-devel-linux-x86_64-fedora-clang | 1.1 | 110.82 | NOTE | |||
r-devel-linux-x86_64-fedora-gcc | 1.1 | 160.24 | NOTE | |||
r-devel-windows-x86_64 | 1.1 | 35.00 | 71.00 | 106.00 | OK | |
r-patched-linux-x86_64 | 1.1 | 46.46 | 33.93 | 80.39 | OK | |
r-release-linux-x86_64 | 1.1 | 42.71 | 34.05 | 76.76 | OK | |
r-release-macos-arm64 | 1.1 | 30.00 | OK | |||
r-release-windows-x86_64 | 1.1 | 33.00 | 71.00 | 104.00 | OK | |
r-oldrel-macos-arm64 | 1.1 | 35.00 | OK | |||
r-oldrel-macos-x86_64 | 1.1 | 51.00 | OK | |||
r-oldrel-windows-x86_64 | 1.1 | 44.00 | 79.00 | 123.00 | OK |
Version: 1.1
Check: compiled code
Result: NOTE
File ‘bvarsv/libs/bvarsv.so’:
Found no calls to: ‘R_registerRoutines’, ‘R_useDynamicSymbols’
It is good practice to register native routines and to disable symbol
search.
See ‘Writing portable packages’ in the ‘Writing R Extensions’ manual.
Flavors: r-devel-linux-x86_64-fedora-clang, r-devel-linux-x86_64-fedora-gcc