Last updated on 2024-05-09 15:49:13 CEST.
Flavor | Version | Tinstall | Tcheck | Ttotal | Status | Flags |
---|---|---|---|---|---|---|
r-devel-linux-x86_64-debian-clang | 1.8.0 | 141.00 | 229.68 | 370.68 | OK | |
r-devel-linux-x86_64-debian-gcc | 1.8.0 | 129.96 | 157.21 | 287.17 | OK | |
r-devel-linux-x86_64-fedora-clang | 1.8.0 | 453.91 | OK | |||
r-devel-linux-x86_64-fedora-gcc | 1.8.0 | 601.57 | OK | |||
r-devel-windows-x86_64 | 1.8.0 | 116.00 | 214.00 | 330.00 | OK | |
r-patched-linux-x86_64 | 1.8.0 | 173.82 | 210.34 | 384.16 | OK | |
r-release-linux-x86_64 | 1.8.0 | 161.53 | 213.89 | 375.42 | OK | |
r-release-macos-arm64 | 1.8.0 | 113.00 | NOTE | |||
r-release-windows-x86_64 | 1.8.0 | 113.00 | 208.00 | 321.00 | OK | |
r-oldrel-macos-arm64 | 1.8.0 | 116.00 | NOTE | |||
r-oldrel-macos-x86_64 | 1.8.0 | 270.00 | NOTE | |||
r-oldrel-windows-x86_64 | 1.8.0 | 144.00 | 275.00 | 419.00 | OK |
Version: 1.8.0
Check: installed package size
Result: NOTE
installed size is 21.3Mb
sub-directories of 1Mb or more:
R 1.0Mb
libs 19.3Mb
Flavors: r-release-macos-arm64, r-oldrel-macos-arm64, r-oldrel-macos-x86_64