Last updated on 2024-05-13 03:49:26 CEST.
Flavor | Version | Tinstall | Tcheck | Ttotal | Status | Flags |
---|---|---|---|---|---|---|
r-devel-linux-x86_64-debian-clang | 1.0 | 151.71 | 57.18 | 208.89 | NOTE | |
r-devel-linux-x86_64-debian-gcc | 1.0 | 123.72 | 41.62 | 165.34 | NOTE | |
r-devel-linux-x86_64-fedora-clang | 1.0 | 304.76 | NOTE | |||
r-devel-linux-x86_64-fedora-gcc | 1.0 | 373.52 | NOTE | |||
r-devel-windows-x86_64 | 1.0 | 118.00 | 90.00 | 208.00 | NOTE | |
r-patched-linux-x86_64 | 1.0 | 112.41 | 53.86 | 166.27 | NOTE | |
r-release-linux-x86_64 | 1.0 | 131.03 | 53.80 | 184.83 | NOTE | |
r-release-macos-arm64 | 1.0 | 57.00 | NOTE | |||
r-release-windows-x86_64 | 1.0 | 112.00 | 89.00 | 201.00 | NOTE | |
r-oldrel-macos-arm64 | 1.0 | 66.00 | NOTE | |||
r-oldrel-macos-x86_64 | 1.0 | 120.00 | NOTE | |||
r-oldrel-windows-x86_64 | 1.0 | 144.00 | 99.00 | 243.00 | OK |
Version: 1.0
Check: Rd files
Result: NOTE
checkRd: (-1) slpDGCM.Rd:130-133: Lost braces
130 | \code{x1, x2, x3, \dots}- {input to the model, there must be one column
| ^
Flavors: r-devel-linux-x86_64-debian-clang, r-devel-linux-x86_64-debian-gcc, r-devel-linux-x86_64-fedora-clang, r-devel-linux-x86_64-fedora-gcc, r-devel-windows-x86_64, r-patched-linux-x86_64, r-release-linux-x86_64, r-release-macos-arm64, r-release-windows-x86_64
Version: 1.0
Check: installed package size
Result: NOTE
installed size is 5.4Mb
sub-directories of 1Mb or more:
libs 5.0Mb
Flavors: r-release-macos-arm64, r-oldrel-macos-arm64, r-oldrel-macos-x86_64