Last updated on 2024-05-11 15:49:00 CEST.
Flavor | Version | Tinstall | Tcheck | Ttotal | Status | Flags |
---|---|---|---|---|---|---|
r-devel-linux-x86_64-debian-clang | 1.2.0 | 7.90 | 424.71 | 432.61 | OK | |
r-devel-linux-x86_64-debian-gcc | 1.2.0 | 4.27 | 291.22 | 295.49 | OK | |
r-devel-linux-x86_64-fedora-clang | 1.2.0 | 522.78 | NOTE | |||
r-devel-linux-x86_64-fedora-gcc | 1.2.0 | 557.48 | OK | |||
r-devel-windows-x86_64 | 1.2.0 | 6.00 | 283.00 | 289.00 | OK | |
r-patched-linux-x86_64 | 1.2.0 | 7.72 | 396.51 | 404.23 | OK | |
r-release-linux-x86_64 | 1.2.0 | 6.66 | 402.99 | 409.65 | OK | |
r-release-macos-arm64 | 1.2.0 | 130.00 | OK | |||
r-release-macos-x86_64 | 1.2.0 | 448.00 | OK | |||
r-release-windows-x86_64 | 1.2.0 | 7.00 | 283.00 | 290.00 | OK | |
r-oldrel-macos-arm64 | 1.2.0 | 163.00 | OK | |||
r-oldrel-macos-x86_64 | 1.2.0 | 439.00 | OK | |||
r-oldrel-windows-x86_64 | 1.2.0 | 7.00 | 418.00 | 425.00 | OK |
Version: 1.2.0
Check: installed package size
Result: NOTE
installed size is 5.0Mb
sub-directories of 1Mb or more:
doc 3.6Mb
Flavor: r-devel-linux-x86_64-fedora-clang