Last updated on 2024-05-11 03:51:46 CEST.
Flavor | Version | Tinstall | Tcheck | Ttotal | Status | Flags |
---|---|---|---|---|---|---|
r-devel-linux-x86_64-debian-clang | 1.1 | 20.40 | 45.64 | 66.04 | OK | |
r-devel-linux-x86_64-debian-gcc | 1.1 | 15.24 | 33.47 | 48.71 | OK | |
r-devel-linux-x86_64-fedora-clang | 1.1 | 89.82 | NOTE | |||
r-devel-linux-x86_64-fedora-gcc | 1.1 | 125.78 | NOTE | |||
r-devel-windows-x86_64 | 1.1 | 16.00 | 84.00 | 100.00 | OK | |
r-patched-linux-x86_64 | 1.1 | 17.87 | 45.06 | 62.93 | OK | |
r-release-linux-x86_64 | 1.1 | 19.51 | 44.37 | 63.88 | OK | |
r-release-macos-arm64 | 1.1 | 25.00 | OK | |||
r-release-windows-x86_64 | 1.1 | 18.00 | 82.00 | 100.00 | OK | |
r-oldrel-macos-arm64 | 1.1 | 26.00 | OK | |||
r-oldrel-macos-x86_64 | 1.1 | 42.00 | OK | |||
r-oldrel-windows-x86_64 | 1.1 | 19.00 | 93.00 | 112.00 | OK |
Version: 1.1
Check: compiled code
Result: NOTE
File ‘clogitboost/libs/clogitboost.so’:
Found no calls to: ‘R_registerRoutines’, ‘R_useDynamicSymbols’
It is good practice to register native routines and to disable symbol
search.
See ‘Writing portable packages’ in the ‘Writing R Extensions’ manual.
Flavors: r-devel-linux-x86_64-fedora-clang, r-devel-linux-x86_64-fedora-gcc