Last updated on 2024-05-11 15:49:01 CEST.
Flavor | Version | Tinstall | Tcheck | Ttotal | Status | Flags |
---|---|---|---|---|---|---|
r-devel-linux-x86_64-debian-clang | 0.3-2.4 | 8.81 | 39.87 | 48.68 | OK | |
r-devel-linux-x86_64-debian-gcc | 0.3-2.4 | 5.84 | 29.11 | 34.95 | OK | |
r-devel-linux-x86_64-fedora-clang | 0.3-2.4 | 58.94 | NOTE | |||
r-devel-linux-x86_64-fedora-gcc | 0.3-2.4 | 61.76 | NOTE | |||
r-devel-windows-x86_64 | 0.3-2.4 | 11.00 | 55.00 | 66.00 | OK | |
r-patched-linux-x86_64 | 0.3-2.4 | 7.81 | 38.07 | 45.88 | OK | |
r-release-linux-x86_64 | 0.3-2.4 | 7.24 | 37.70 | 44.94 | OK | |
r-release-macos-arm64 | 0.3-2.4 | 21.00 | OK | |||
r-release-windows-x86_64 | 0.3-2.4 | 11.00 | 54.00 | 65.00 | OK | |
r-oldrel-macos-arm64 | 0.3-2.4 | 26.00 | OK | |||
r-oldrel-macos-x86_64 | 0.3-2.4 | 51.00 | OK | |||
r-oldrel-windows-x86_64 | 0.3-2.4 | 11.00 | 57.00 | 68.00 | OK |
Version: 0.3-2.4
Check: compiled code
Result: NOTE
File ‘clv/libs/clv.so’:
Found no calls to: ‘R_registerRoutines’, ‘R_useDynamicSymbols’
It is good practice to register native routines and to disable symbol
search.
See ‘Writing portable packages’ in the ‘Writing R Extensions’ manual.
Flavors: r-devel-linux-x86_64-fedora-clang, r-devel-linux-x86_64-fedora-gcc