Last updated on 2024-05-13 03:49:27 CEST.
Flavor | Version | Tinstall | Tcheck | Ttotal | Status | Flags |
---|---|---|---|---|---|---|
r-devel-linux-x86_64-debian-clang | 0.5.0 | 9.84 | 208.78 | 218.62 | OK | |
r-devel-linux-x86_64-debian-gcc | 0.5.0 | 7.97 | 149.91 | 157.88 | OK | |
r-devel-linux-x86_64-fedora-clang | 0.5.0 | 272.34 | OK | |||
r-devel-linux-x86_64-fedora-gcc | 0.5.0 | 306.55 | OK | |||
r-devel-windows-x86_64 | 0.5.0 | 10.00 | 167.00 | 177.00 | OK | |
r-patched-linux-x86_64 | 0.5.0 | 10.88 | 201.88 | 212.76 | OK | |
r-release-linux-x86_64 | 0.5.0 | 10.77 | 203.47 | 214.24 | OK | |
r-release-macos-arm64 | 0.5.0 | 70.00 | OK | |||
r-release-windows-x86_64 | 0.5.0 | 11.00 | 166.00 | 177.00 | OK | |
r-oldrel-macos-arm64 | 0.5.0 | 66.00 | OK | |||
r-oldrel-macos-x86_64 | 0.5.0 | 103.00 | NOTE | |||
r-oldrel-windows-x86_64 | 0.5.0 | 13.00 | 200.00 | 213.00 | OK |
Version: 0.5.0
Check: package dependencies
Result: NOTE
Package suggested but not available for checking: ‘rstan’
Flavor: r-oldrel-macos-x86_64