Last updated on 2024-05-09 15:49:15 CEST.
Flavor | Version | Tinstall | Tcheck | Ttotal | Status | Flags |
---|---|---|---|---|---|---|
r-devel-linux-x86_64-debian-clang | 0.4.0.0 | 5.28 | 64.60 | 69.88 | OK | |
r-devel-linux-x86_64-debian-gcc | 0.4.0.0 | 3.36 | 49.29 | 52.65 | OK | |
r-devel-linux-x86_64-fedora-clang | 0.4.0.0 | 88.25 | NOTE | |||
r-devel-linux-x86_64-fedora-gcc | 0.4.0.0 | 127.05 | NOTE | |||
r-devel-windows-x86_64 | 0.4.0.0 | 7.00 | 75.00 | 82.00 | OK | |
r-patched-linux-x86_64 | 0.4.0.0 | 4.92 | 62.46 | 67.38 | OK | |
r-release-linux-x86_64 | 0.4.0.0 | 5.02 | 62.48 | 67.50 | OK | |
r-release-macos-arm64 | 0.4.0.0 | 39.00 | OK | |||
r-release-macos-x86_64 | 0.4.0.0 | 96.00 | OK | |||
r-release-windows-x86_64 | 0.4.0.0 | 6.00 | 75.00 | 81.00 | OK | |
r-oldrel-macos-arm64 | 0.4.0.0 | 53.00 | OK | |||
r-oldrel-macos-x86_64 | 0.4.0.0 | 74.00 | OK | |||
r-oldrel-windows-x86_64 | 0.4.0.0 | 7.00 | 80.00 | 87.00 | OK |
Version: 0.4.0.0
Check: data for non-ASCII characters
Result: NOTE
Note: found 11 marked UTF-8 strings
Flavors: r-devel-linux-x86_64-fedora-clang, r-devel-linux-x86_64-fedora-gcc