Last updated on 2024-05-11 03:51:47 CEST.
Flavor | Version | Tinstall | Tcheck | Ttotal | Status | Flags |
---|---|---|---|---|---|---|
r-devel-linux-x86_64-debian-clang | 1.1-2 | 7.91 | 77.94 | 85.85 | NOTE | |
r-devel-linux-x86_64-debian-gcc | 1.1-2 | 6.33 | 57.96 | 64.29 | NOTE | |
r-devel-linux-x86_64-fedora-clang | 1.1-2 | 111.28 | NOTE | |||
r-devel-linux-x86_64-fedora-gcc | 1.1-2 | 187.27 | NOTE | |||
r-devel-windows-x86_64 | 1.1-2 | 8.00 | 88.00 | 96.00 | NOTE | |
r-patched-linux-x86_64 | 1.1-2 | 8.07 | 75.49 | 83.56 | NOTE | |
r-release-linux-x86_64 | 1.1-2 | 7.35 | 74.67 | 82.02 | NOTE | |
r-release-macos-arm64 | 1.1-2 | 52.00 | NOTE | |||
r-release-windows-x86_64 | 1.1-2 | 8.00 | 89.00 | 97.00 | NOTE | |
r-oldrel-macos-arm64 | 1.1-2 | 42.00 | OK | |||
r-oldrel-macos-x86_64 | 1.1-2 | 72.00 | OK | |||
r-oldrel-windows-x86_64 | 1.1-2 | 10.00 | 90.00 | 100.00 | OK |
Version: 1.1-2
Check: Rd files
Result: NOTE
checkRd: (-1) mya.Rd:18: Lost braces in \itemize; \value handles \item{}{} directly
checkRd: (-1) mya.Rd:19: Lost braces in \itemize; \value handles \item{}{} directly
checkRd: (-1) mya.Rd:20: Lost braces in \itemize; \value handles \item{}{} directly
checkRd: (-1) mya.Rd:21: Lost braces in \itemize; \value handles \item{}{} directly
checkRd: (-1) mya.Rd:22: Lost braces in \itemize; \value handles \item{}{} directly
Flavors: r-devel-linux-x86_64-debian-clang, r-devel-linux-x86_64-debian-gcc, r-devel-linux-x86_64-fedora-clang, r-devel-linux-x86_64-fedora-gcc, r-devel-windows-x86_64, r-patched-linux-x86_64, r-release-linux-x86_64, r-release-macos-arm64, r-release-windows-x86_64