Last updated on 2024-05-11 03:51:47 CEST.
Flavor | Version | Tinstall | Tcheck | Ttotal | Status | Flags |
---|---|---|---|---|---|---|
r-devel-linux-x86_64-debian-clang | 0.7.4 | 12.95 | 186.34 | 199.29 | OK | |
r-devel-linux-x86_64-debian-gcc | 0.7.4 | 5.88 | 130.21 | 136.09 | OK | |
r-devel-linux-x86_64-fedora-clang | 0.7.4 | 238.91 | NOTE | |||
r-devel-linux-x86_64-fedora-gcc | 0.7.4 | 257.50 | OK | |||
r-devel-windows-x86_64 | 0.7.4 | 8.00 | 160.00 | 168.00 | NOTE | |
r-patched-linux-x86_64 | 0.7.4 | 10.93 | 170.80 | 181.73 | OK | |
r-release-linux-x86_64 | 0.7.4 | 10.18 | 170.06 | 180.24 | OK | |
r-release-macos-arm64 | 0.7.4 | 67.00 | NOTE | |||
r-release-windows-x86_64 | 0.7.4 | 9.00 | 152.00 | 161.00 | NOTE | |
r-oldrel-macos-arm64 | 0.7.4 | 72.00 | NOTE | |||
r-oldrel-macos-x86_64 | 0.7.4 | 145.00 | NOTE | |||
r-oldrel-windows-x86_64 | 0.7.4 | 9.00 | 172.00 | 181.00 | NOTE |
Version: 0.7.4
Check: installed package size
Result: NOTE
installed size is 18.0Mb
sub-directories of 1Mb or more:
extdata 17.8Mb
Flavors: r-devel-linux-x86_64-fedora-clang, r-devel-windows-x86_64, r-release-macos-arm64, r-release-windows-x86_64, r-oldrel-macos-arm64, r-oldrel-macos-x86_64, r-oldrel-windows-x86_64