Last updated on 2024-05-13 03:49:27 CEST.
Flavor | Version | Tinstall | Tcheck | Ttotal | Status | Flags |
---|---|---|---|---|---|---|
r-devel-linux-x86_64-debian-clang | 0.3.0 | 7.40 | 75.77 | 83.17 | NOTE | |
r-devel-linux-x86_64-debian-gcc | 0.3.0 | 6.04 | 53.02 | 59.06 | NOTE | |
r-devel-linux-x86_64-fedora-clang | 0.3.0 | 98.09 | NOTE | |||
r-devel-linux-x86_64-fedora-gcc | 0.3.0 | 133.19 | NOTE | |||
r-devel-windows-x86_64 | 0.3.0 | 7.00 | 73.00 | 80.00 | NOTE | |
r-patched-linux-x86_64 | 0.3.0 | 6.69 | 69.02 | 75.71 | NOTE | |
r-release-linux-x86_64 | 0.3.0 | 6.40 | 70.18 | 76.58 | NOTE | |
r-release-macos-arm64 | 0.3.0 | 30.00 | NOTE | |||
r-release-windows-x86_64 | 0.3.0 | 6.00 | 73.00 | 79.00 | NOTE | |
r-oldrel-macos-arm64 | 0.3.0 | 35.00 | OK | |||
r-oldrel-macos-x86_64 | 0.3.0 | 77.00 | OK | |||
r-oldrel-windows-x86_64 | 0.3.0 | 8.00 | 81.00 | 89.00 | OK |
Version: 0.3.0
Check: Rd files
Result: NOTE
checkRd: (-1) confRegCCR.Rd:24: Lost braces; missing escapes or markup?
24 | of interest, beta_{0r}, and the remaining ones are the constrained MLEs given beta_{0r}.}
| ^
checkRd: (-1) confRegCCR.Rd:24: Lost braces; missing escapes or markup?
24 | of interest, beta_{0r}, and the remaining ones are the constrained MLEs given beta_{0r}.}
| ^
checkRd: (-1) confRegCCR.Rd:27: Lost braces; missing escapes or markup?
27 | beta_{0r} in \code{paramVals}, which are those of interest, usually the ones
| ^
checkRd: (-1) confRegUCRandUCCR.Rd:24: Lost braces; missing escapes or markup?
24 | of interest, beta_{0r}, and the remaining ones are the unconstrained MLEs given beta_{0r}.}
| ^
checkRd: (-1) confRegUCRandUCCR.Rd:24: Lost braces; missing escapes or markup?
24 | of interest, beta_{0r}, and the remaining ones are the unconstrained MLEs given beta_{0r}.}
| ^
checkRd: (-1) confRegUCRandUCCR.Rd:27: Lost braces; missing escapes or markup?
27 | beta_{0r} in \code{paramVals}, which are those of interest, usually the ones
| ^
Flavors: r-devel-linux-x86_64-debian-clang, r-devel-linux-x86_64-debian-gcc, r-devel-linux-x86_64-fedora-clang, r-devel-linux-x86_64-fedora-gcc, r-devel-windows-x86_64, r-patched-linux-x86_64, r-release-linux-x86_64, r-release-macos-arm64, r-release-windows-x86_64