Last updated on 2024-05-13 03:49:28 CEST.
Flavor | Version | Tinstall | Tcheck | Ttotal | Status | Flags |
---|---|---|---|---|---|---|
r-devel-linux-x86_64-debian-clang | 1.1.2 | 61.70 | 381.06 | 442.76 | NOTE | |
r-devel-linux-x86_64-debian-gcc | 1.1.2 | 43.46 | 267.97 | 311.43 | NOTE | |
r-devel-linux-x86_64-fedora-clang | 1.1.2 | 545.52 | NOTE | |||
r-devel-linux-x86_64-fedora-gcc | 1.1.2 | 590.61 | NOTE | |||
r-devel-windows-x86_64 | 1.1.2 | 53.00 | 329.00 | 382.00 | NOTE | |
r-patched-linux-x86_64 | 1.1.2 | 42.75 | 349.48 | 392.23 | NOTE | |
r-release-linux-x86_64 | 1.1.2 | 50.44 | 360.68 | 411.12 | NOTE | |
r-release-macos-arm64 | 1.1.2 | 156.00 | NOTE | |||
r-release-windows-x86_64 | 1.1.2 | 52.00 | 323.00 | 375.00 | NOTE | |
r-oldrel-macos-arm64 | 1.1.2 | 176.00 | NOTE | |||
r-oldrel-macos-x86_64 | 1.1.2 | 317.00 | NOTE | |||
r-oldrel-windows-x86_64 | 1.1.2 | 60.00 | 453.00 | 513.00 | NOTE |
Version: 1.1.2
Check: package subdirectories
Result: NOTE
Problems with news in ‘NEWS.md’:
Cannot extract version info from the following section titles:
Misc
Flavors: r-devel-linux-x86_64-debian-clang, r-devel-linux-x86_64-debian-gcc, r-devel-linux-x86_64-fedora-clang, r-devel-linux-x86_64-fedora-gcc, r-devel-windows-x86_64, r-patched-linux-x86_64, r-release-linux-x86_64, r-release-macos-arm64, r-release-windows-x86_64, r-oldrel-macos-arm64, r-oldrel-macos-x86_64, r-oldrel-windows-x86_64
Version: 1.1.2
Check: Rd files
Result: NOTE
checkRd: (-1) abs_d_ppv_npv.Rd:27: Escaped LaTeX specials: \_ \_ \_
Flavors: r-devel-linux-x86_64-debian-clang, r-devel-linux-x86_64-debian-gcc, r-devel-linux-x86_64-fedora-clang, r-devel-linux-x86_64-fedora-gcc, r-devel-windows-x86_64, r-patched-linux-x86_64, r-release-linux-x86_64, r-release-macos-arm64, r-release-windows-x86_64, r-oldrel-macos-arm64, r-oldrel-macos-x86_64, r-oldrel-windows-x86_64