Last updated on 2024-05-13 03:49:28 CEST.
Flavor | Version | Tinstall | Tcheck | Ttotal | Status | Flags |
---|---|---|---|---|---|---|
r-devel-linux-x86_64-debian-clang | 2.1 | 22.22 | 37.08 | 59.30 | NOTE | |
r-devel-linux-x86_64-debian-gcc | 2.1 | 14.58 | 26.93 | 41.51 | NOTE | |
r-devel-linux-x86_64-fedora-clang | 2.1 | 80.59 | NOTE | |||
r-devel-linux-x86_64-fedora-gcc | 2.1 | 118.74 | NOTE | |||
r-devel-windows-x86_64 | 2.1 | 18.00 | 69.00 | 87.00 | NOTE | |
r-patched-linux-x86_64 | 2.1 | 20.75 | 33.48 | 54.23 | NOTE | |
r-release-linux-x86_64 | 2.1 | 19.86 | 33.78 | 53.64 | NOTE | |
r-release-macos-arm64 | 2.1 | 24.00 | NOTE | |||
r-release-windows-x86_64 | 2.1 | 17.00 | 67.00 | 84.00 | NOTE | |
r-oldrel-macos-arm64 | 2.1 | 26.00 | OK | |||
r-oldrel-macos-x86_64 | 2.1 | 38.00 | OK | |||
r-oldrel-windows-x86_64 | 2.1 | 19.00 | 101.00 | 120.00 | OK |
Version: 2.1
Check: Rd files
Result: NOTE
checkRd: (-1) dHSIC-package.Rd:32: Lost braces
32 | Gretton, A., K. Fukumizu, C. H. Teo, L. Song, B. Sch{\"o}lkopf and
| ^
checkRd: (-1) dHSIC-package.Rd:36: Lost braces
36 | Pfister, N., P. B{\"u}hlmann, B. Sch{\"o}lkopf and J. Peters (2017).
| ^
checkRd: (-1) dHSIC-package.Rd:36: Lost braces
36 | Pfister, N., P. B{\"u}hlmann, B. Sch{\"o}lkopf and J. Peters (2017).
| ^
checkRd: (-1) dhsic.Rd:84: Lost braces
84 | Gretton, A., K. Fukumizu, C. H. Teo, L. Song, B. Sch{\"o}lkopf and
| ^
checkRd: (-1) dhsic.Rd:88: Lost braces
88 | Pfister, N., P. B{\"u}hlmann, B. Sch{\"o}lkopf and J. Peters (2017).
| ^
checkRd: (-1) dhsic.Rd:88: Lost braces
88 | Pfister, N., P. B{\"u}hlmann, B. Sch{\"o}lkopf and J. Peters (2017).
| ^
checkRd: (-1) dhsic.test.Rd:124: Lost braces
124 | Gretton, A., K. Fukumizu, C. H. Teo, L. Song, B. Sch{\"o}lkopf and
| ^
checkRd: (-1) dhsic.test.Rd:128: Lost braces
128 | Pfister, N., P. B{\"u}hlmann, B. Sch{\"o}lkopf and J. Peters (2017).
| ^
checkRd: (-1) dhsic.test.Rd:128: Lost braces
128 | Pfister, N., P. B{\"u}hlmann, B. Sch{\"o}lkopf and J. Peters (2017).
| ^
Flavors: r-devel-linux-x86_64-debian-clang, r-devel-linux-x86_64-debian-gcc, r-devel-linux-x86_64-fedora-clang, r-devel-linux-x86_64-fedora-gcc, r-devel-windows-x86_64, r-patched-linux-x86_64, r-release-linux-x86_64, r-release-macos-arm64, r-release-windows-x86_64