Last updated on 2024-05-13 03:49:28 CEST.
Flavor | Version | Tinstall | Tcheck | Ttotal | Status | Flags |
---|---|---|---|---|---|---|
r-devel-linux-x86_64-debian-clang | 0.65 | 48.64 | 359.68 | 408.32 | OK | |
r-devel-linux-x86_64-debian-gcc | 0.65 | 31.74 | 261.75 | 293.49 | OK | |
r-devel-linux-x86_64-fedora-clang | 0.65 | 529.09 | OK | |||
r-devel-linux-x86_64-fedora-gcc | 0.65 | 527.83 | OK | |||
r-devel-windows-x86_64 | 0.65 | 39.00 | 293.00 | 332.00 | OK | |
r-patched-linux-x86_64 | 0.65 | 38.45 | 346.79 | 385.24 | OK | |
r-release-linux-x86_64 | 0.65 | 33.88 | 339.96 | 373.84 | OK | |
r-release-macos-arm64 | 0.65 | 117.00 | NOTE | |||
r-release-macos-x86_64 | 0.65 | 233.00 | NOTE | |||
r-release-windows-x86_64 | 0.65 | 35.00 | 286.00 | 321.00 | OK | |
r-oldrel-macos-arm64 | 0.65 | 122.00 | NOTE | |||
r-oldrel-macos-x86_64 | 0.65 | 471.00 | NOTE | |||
r-oldrel-windows-x86_64 | 0.65 | 50.00 | 382.00 | 432.00 | OK |
Version: 0.65
Check: installed package size
Result: NOTE
installed size is 5.1Mb
sub-directories of 1Mb or more:
R 2.0Mb
help 2.2Mb
Flavors: r-release-macos-arm64, r-release-macos-x86_64, r-oldrel-macos-arm64, r-oldrel-macos-x86_64
Version: 0.65
Check: package dependencies
Result: NOTE
Package suggested but not available for checking: ‘snpStats’
Flavors: r-release-macos-x86_64, r-oldrel-macos-arm64
Version: 0.65
Check: Rd cross-references
Result: NOTE
Package unavailable to check Rd xrefs: ‘snpStats’
Flavors: r-release-macos-x86_64, r-oldrel-macos-arm64