Last updated on 2024-05-11 03:51:48 CEST.
Flavor | Version | Tinstall | Tcheck | Ttotal | Status | Flags |
---|---|---|---|---|---|---|
r-devel-linux-x86_64-debian-clang | 0.2.8 | 2.13 | 31.34 | 33.47 | OK | |
r-devel-linux-x86_64-debian-gcc | 0.2.8 | 1.90 | 23.88 | 25.78 | OK | |
r-devel-linux-x86_64-fedora-clang | 0.2.8 | 42.09 | NOTE | |||
r-devel-linux-x86_64-fedora-gcc | 0.2.8 | 52.38 | OK | |||
r-devel-windows-x86_64 | 0.2.8 | 3.00 | 47.00 | 50.00 | OK | |
r-patched-linux-x86_64 | 0.2.8 | 2.77 | 30.28 | 33.05 | OK | |
r-release-linux-x86_64 | 0.2.8 | 2.35 | 30.15 | 32.50 | OK | |
r-release-macos-arm64 | 0.2.8 | 17.00 | OK | |||
r-release-windows-x86_64 | 0.2.8 | 3.00 | 45.00 | 48.00 | OK | |
r-oldrel-macos-arm64 | 0.2.8 | 21.00 | OK | |||
r-oldrel-macos-x86_64 | 0.2.8 | 34.00 | OK | |||
r-oldrel-windows-x86_64 | 0.2.8 | 3.00 | 48.00 | 51.00 | OK |
Version: 0.2.8
Check: Rd cross-references
Result: NOTE
Undeclared package ‘sfsmisc’ in Rd xrefs
Flavor: r-devel-linux-x86_64-fedora-clang