Last updated on 2024-05-13 03:49:28 CEST.
Flavor | Version | Tinstall | Tcheck | Ttotal | Status | Flags |
---|---|---|---|---|---|---|
r-devel-linux-x86_64-debian-clang | 0.1.0 | 5.62 | 70.00 | 75.62 | NOTE | |
r-devel-linux-x86_64-debian-gcc | 0.1.0 | 6.50 | 63.87 | 70.37 | NOTE | |
r-devel-linux-x86_64-fedora-clang | 0.1.0 | 96.44 | NOTE | |||
r-devel-linux-x86_64-fedora-gcc | 0.1.0 | 147.49 | NOTE | |||
r-devel-windows-x86_64 | 0.1.0 | 7.00 | 66.00 | 73.00 | NOTE | |
r-patched-linux-x86_64 | 0.1.0 | 8.17 | 68.60 | 76.77 | NOTE | |
r-release-linux-x86_64 | 0.1.0 | 8.55 | 70.87 | 79.42 | NOTE | |
r-release-macos-arm64 | 0.1.0 | 29.00 | NOTE | |||
r-release-windows-x86_64 | 0.1.0 | 7.00 | 67.00 | 74.00 | NOTE | |
r-oldrel-macos-arm64 | 0.1.0 | 31.00 | NOTE | |||
r-oldrel-macos-x86_64 | 0.1.0 | 50.00 | NOTE | |||
r-oldrel-windows-x86_64 | 0.1.0 | 9.00 | 74.00 | 83.00 | NOTE |
Version: 0.1.0
Check: LazyData
Result: NOTE
'LazyData' is specified without a 'data' directory
Flavors: r-devel-linux-x86_64-debian-clang, r-devel-linux-x86_64-debian-gcc, r-devel-linux-x86_64-fedora-clang, r-devel-linux-x86_64-fedora-gcc, r-devel-windows-x86_64, r-patched-linux-x86_64, r-release-linux-x86_64, r-release-macos-arm64, r-release-windows-x86_64, r-oldrel-macos-arm64, r-oldrel-macos-x86_64, r-oldrel-windows-x86_64