Last updated on 2024-05-13 03:49:28 CEST.
Flavor | Version | Tinstall | Tcheck | Ttotal | Status | Flags |
---|---|---|---|---|---|---|
r-devel-linux-x86_64-debian-clang | 1.3.15 | 213.43 | 140.18 | 353.61 | OK | |
r-devel-linux-x86_64-debian-gcc | 1.3.15 | 148.11 | 101.51 | 249.62 | OK | |
r-devel-linux-x86_64-fedora-clang | 1.3.15 | 489.12 | NOTE | |||
r-devel-linux-x86_64-fedora-gcc | 1.3.15 | 522.35 | OK | |||
r-devel-windows-x86_64 | 1.3.15 | 160.00 | 155.00 | 315.00 | OK | |
r-patched-linux-x86_64 | 1.3.15 | 193.37 | 132.31 | 325.68 | OK | |
r-release-linux-x86_64 | 1.3.15 | 197.27 | 134.11 | 331.38 | OK | |
r-release-macos-arm64 | 1.3.15 | 90.00 | OK | |||
r-release-windows-x86_64 | 1.3.15 | 156.00 | 157.00 | 313.00 | OK | |
r-oldrel-macos-arm64 | 1.3.15 | 103.00 | OK | |||
r-oldrel-macos-x86_64 | 1.3.15 | 177.00 | OK | |||
r-oldrel-windows-x86_64 | 1.3.15 | 192.00 | 186.00 | 378.00 | OK |
Version: 1.3.15
Check: Rd cross-references
Result: NOTE
Undeclared package ‘fda.usc’ in Rd xrefs
Flavor: r-devel-linux-x86_64-fedora-clang