Last updated on 2024-05-13 03:49:28 CEST.
Flavor | Version | Tinstall | Tcheck | Ttotal | Status | Flags |
---|---|---|---|---|---|---|
r-devel-linux-x86_64-debian-clang | 1.15.2 | 7.81 | 220.53 | 228.34 | NOTE | |
r-devel-linux-x86_64-debian-gcc | 1.15.2 | 4.88 | 158.76 | 163.64 | NOTE | |
r-devel-linux-x86_64-fedora-clang | 1.15.2 | 275.40 | NOTE | |||
r-devel-linux-x86_64-fedora-gcc | 1.15.2 | 295.25 | NOTE | |||
r-devel-windows-x86_64 | 1.15.2 | 10.00 | 255.00 | 265.00 | NOTE | |
r-patched-linux-x86_64 | 1.15.2 | 7.10 | 208.86 | 215.96 | NOTE | |
r-release-linux-x86_64 | 1.15.2 | 8.61 | 210.17 | 218.78 | NOTE | |
r-release-macos-arm64 | 1.15.2 | 83.00 | NOTE | |||
r-release-windows-x86_64 | 1.15.2 | 9.00 | 291.00 | 300.00 | NOTE | |
r-oldrel-macos-arm64 | 1.15.2 | 91.00 | OK | |||
r-oldrel-macos-x86_64 | 1.15.2 | 196.00 | OK | |||
r-oldrel-windows-x86_64 | 1.15.2 | 12.00 | 305.00 | 317.00 | OK |
Version: 1.15.2
Check: Rd files
Result: NOTE
checkRd: (-1) plot.ddpcr_plate.Rd:136-137: Lost braces in \itemize; meant \describe ?
checkRd: (-1) plot.ddpcr_plate.Rd:138-139: Lost braces in \itemize; meant \describe ?
checkRd: (-1) plot.ddpcr_plate.Rd:140-141: Lost braces in \itemize; meant \describe ?
Flavors: r-devel-linux-x86_64-debian-clang, r-devel-linux-x86_64-debian-gcc, r-devel-linux-x86_64-fedora-clang, r-devel-linux-x86_64-fedora-gcc, r-devel-windows-x86_64, r-patched-linux-x86_64, r-release-linux-x86_64, r-release-macos-arm64, r-release-windows-x86_64
Version: 1.15.2
Check: dependencies in R code
Result: NOTE
Namespace in Imports field not imported from: ‘shinydisconnect’
All declared Imports should be used.
Flavors: r-devel-linux-x86_64-fedora-clang, r-devel-linux-x86_64-fedora-gcc