Last updated on 2024-05-11 03:51:48 CEST.
Flavor | Version | Tinstall | Tcheck | Ttotal | Status | Flags |
---|---|---|---|---|---|---|
r-devel-linux-x86_64-debian-clang | 1.5-0 | 9.36 | 130.60 | 139.96 | NOTE | |
r-devel-linux-x86_64-debian-gcc | 1.5-0 | 8.56 | 92.62 | 101.18 | NOTE | |
r-devel-linux-x86_64-fedora-clang | 1.5-0 | 176.61 | NOTE | |||
r-devel-linux-x86_64-fedora-gcc | 1.5-0 | 231.91 | NOTE | |||
r-devel-windows-x86_64 | 1.5-0 | 11.00 | 142.00 | 153.00 | NOTE | |
r-patched-linux-x86_64 | 1.5-0 | 15.99 | 124.73 | 140.72 | NOTE | |
r-release-linux-x86_64 | 1.5-0 | 9.86 | 123.04 | 132.90 | NOTE | |
r-release-macos-arm64 | 1.5-0 | 55.00 | NOTE | |||
r-release-windows-x86_64 | 1.5-0 | 12.00 | 142.00 | 154.00 | NOTE | |
r-oldrel-macos-arm64 | 1.5-0 | 68.00 | NOTE | |||
r-oldrel-macos-x86_64 | 1.5-0 | 110.00 | NOTE | |||
r-oldrel-windows-x86_64 | 1.5-0 | 15.00 | 149.00 | 164.00 | NOTE |
Version: 1.5-0
Check: package dependencies
Result: NOTE
Package suggested but not available for checking: ‘Rdonlp2’
Flavors: r-devel-linux-x86_64-debian-clang, r-devel-linux-x86_64-debian-gcc, r-devel-linux-x86_64-fedora-clang, r-devel-linux-x86_64-fedora-gcc, r-devel-windows-x86_64, r-patched-linux-x86_64, r-release-linux-x86_64, r-release-macos-arm64, r-release-windows-x86_64, r-oldrel-macos-arm64, r-oldrel-macos-x86_64, r-oldrel-windows-x86_64
Version: 1.5-0
Check: Rd files
Result: NOTE
checkRd: (-1) responses.Rd:68: Lost braces
68 | response. See code{\link{makeDepmix}} for an example of how to use
| ^
Flavors: r-devel-linux-x86_64-debian-clang, r-devel-linux-x86_64-debian-gcc, r-devel-linux-x86_64-fedora-clang, r-devel-linux-x86_64-fedora-gcc, r-devel-windows-x86_64, r-patched-linux-x86_64, r-release-linux-x86_64, r-release-macos-arm64, r-release-windows-x86_64